{"id":10037,"date":"2024-07-03T16:15:55","date_gmt":"2024-07-03T14:15:55","guid":{"rendered":"https:\/\/insightevents.se\/contactcenter\/?page_id=10037"},"modified":"2026-02-12T15:33:56","modified_gmt":"2026-02-12T14:33:56","slug":"praktisk-info","status":"publish","type":"page","link":"https:\/\/insightevents.se\/contactcenter\/praktisk-info\/","title":{"rendered":"praktisk info"},"content":{"rendered":"<div class=\"wpb-content-wrapper\"><p>[vc_section css=&#8221;.vc_custom_1713879127375{margin-top: -150px !important;border-top-width: -150px !important;padding-top: -150px !important;}&#8221;][vc_row equal_height=&#8221;yes&#8221; css=&#8221;.vc_custom_1720015563132{padding-top: -50px !important;}&#8221;][vc_column width=&#8221;1\/2&#8243; css=&#8221;.vc_custom_1720015553897{background-image: url(https:\/\/insightevents.se\/contactcenter\/wp-content\/uploads\/sites\/16\/2024\/05\/pexels-andrea-piacquadio-789822-kopiera2.jpg?id=9966) !important;background-position: center !important;background-repeat: no-repeat !important;background-size: cover !important;}&#8221;][\/vc_column][vc_column width=&#8221;1\/2&#8243;]<div class=\"wpb_content_element \"><style type=\"text\/css\">#ut_header_69f2f5afecd18 h2.section-title { font-size:60px !important;line-height:70px !important;letter-spacing:-0.03em; }<\/style><header id=\"ut_header_69f2f5afecd18\" class=\"section-header  ut-no-title-linebreak-mobile ut-no-lead-linebreak-mobile pt-style-7 header-left header-tablet-left header-mobile-center element-with-custom-line-height\"><div class=\"element-with-custom-line-height\" ><h2 data-title=\"PRAKTISK INFORMATION\"  data-responsive-font=\"section_title\" data-responsive-font-settings=\"{&quot;base-font-size&quot;:&quot;global&quot;,&quot;font-size&quot;:{&quot;desktop_large&quot;:&quot;60&quot;},&quot;base-line-height&quot;:&quot;global&quot;,&quot;line-height&quot;:{&quot;desktop_large&quot;:&quot;70&quot;},&quot;base-letter-spacing&quot;:&quot;global&quot;,&quot;letter-spacing&quot;:{&quot;desktop_large&quot;:&quot;-0.03&quot;}}\" class=\"section-title  \"><span>PRAKTISK INFORMATION<\/span><\/h2><\/div><\/header><\/div>[vc_column_text]<\/p>\n<h2 style=\"text-align: left;\"><span style=\"color: #007eb3;\">Datum<\/span><\/h2>\n<p>20-21 november 2025<\/p>\n<h2><span style=\"color: #007eb3;\">Dokumentation<\/span><\/h2>\n<p>M\u00e5nga av v\u00e5ra f\u00f6redragsh\u00e5llare uppdaterar sina anf\u00f6randen i sista stund. F\u00f6r att kunna erbjuda en uppdaterad och korrekt version har vi d\u00e4rf\u00f6r valt att tillhandah\u00e5lla dokumentationerna elektroniskt. I anslutning till konferensen f\u00e5r du, via l\u00f6senord, tillg\u00e5ng till dokumentationen via webbl\u00e4nk. Vid problem med nedladdning v\u00e4nligen kontakta Kundtj\u00e4nst, tfn: 08-587 662 00. Vill du anteckna i dokumentationen rekommenderar vi att du skriver ut och tar med dig den till konferensen.<\/p>\n<h2><span style=\"color: #007eb3;\">Bokning av hotell<br \/>\n<\/span><\/h2>\n<p>I samband med konferensen har du m\u00f6jlighet att boka \u00f6vernattning p\u00e5 utvalda hotell i Stockholm till ett rabatterat pris. <strong>Gl\u00f6m inte att uppge avtalskoden<\/strong>.<\/p>\n<p><a href=\"https:\/\/insightevents.se\/bokning-av-hotell\/\" target=\"_blank\" rel=\"noopener noreferrer\">Se listan \u00f6ver v\u00e5ra hotell-partners h\u00e4r!<\/a><\/p>\n<h2><span style=\"color: #007eb3;\">Anm\u00e4lningsvillkor<\/span><\/h2>\n<p><a href=\"https:\/\/insightevents.se\/regler-och-villkor\/\" target=\"_blank\" rel=\"noopener noreferrer\">V\u00e5ra anm\u00e4lningsvillkor hittar du h\u00e4r.<\/a><\/p>\n<h2><span style=\"color: #007eb3;\">Foto\/film<\/span><\/h2>\n<p>I syfte att dokumentera och kommunicera konferensen, f\u00f6rekommer det att vi fotograferar eller filmar eventet. Det inneb\u00e4r att deltagare kan f\u00f6rekomma p\u00e5 bilderna \u00e4ven om fokus \u00e4r p\u00e5 arrangemanget i stort.<\/p>\n<h2><span style=\"color: #007eb3;\">Lokal<\/span><\/h2>\n<div class=\"place-desc-large\">\n<div class=\"place-name\">\n<p><b><b>Garnisonen Konferens<\/b><\/b>, Karlav\u00e4gen 100, Stockholm<\/p>\n<p><em>Lokalen kan komma att \u00e4ndras och bekr\u00e4ftas senast en m\u00e5nad innan konferensens start.<\/em><\/p>\n<\/div>\n<\/div>\n<p><iframe loading=\"lazy\" style=\"border: 0;\" src=\"https:\/\/www.google.com\/maps\/embed?pb=!1m18!1m12!1m3!1d2034.834492828461!2d18.096811199999998!3d59.335716999999995!2m3!1f0!2f0!3f0!3m2!1i1024!2i768!4f13.1!3m3!1m2!1s0x465f9d4deaa54885%3A0x43029c2dabf6323b!2sGarnisonen%20Karlahuset!5e0!3m2!1sen!2sse!4v1754919071281!5m2!1sen!2sse\" width=\"1200\" height=\"450\" allowfullscreen=\"allowfullscreen\"><\/iframe><\/p>\n<p>\n<table id=\"tablepress-5\" class=\"tablepress tablepress-id-5\">\n<tbody>\n<tr class=\"row-1\">\n\t<td class=\"column-1\"><strong><font color=\"ffffff\">PRISLISTA (priserna \u00e4r exkl.moms)<\/font><\/strong><\/td><td class=\"column-2\"><font color=\"ffffff\"><strong><br \/>\n<\/strong><\/font><\/td>\n<\/tr>\n<tr class=\"row-2\">\n\t<td class=\"column-1\">Konferens<\/td><td class=\"column-2\">10.990 kr<\/td>\n<\/tr>\n<\/tbody>\n<\/table>\n<!-- #tablepress-5 from cache -->[\/vc_column_text][\/vc_column][\/vc_row][vc_row][vc_column]<div class=\"wpb_content_element \"><style type=\"text\/css\">#ut_header_69f2f5aff00e5 h2.section-title { font-size:60px !important;line-height:70px !important;letter-spacing:-0.03em; }<\/style><header id=\"ut_header_69f2f5aff00e5\" class=\"section-header  ut-no-title-linebreak-mobile ut-no-lead-linebreak-mobile pt-style-7 header-center header-tablet-center header-mobile-center element-with-custom-line-height\"><div class=\"element-with-custom-line-height\" ><h2 data-title=\"KONTAKT\"  data-responsive-font=\"section_title\" data-responsive-font-settings=\"{&quot;base-font-size&quot;:&quot;global&quot;,&quot;font-size&quot;:{&quot;desktop_large&quot;:&quot;60&quot;},&quot;base-line-height&quot;:&quot;global&quot;,&quot;line-height&quot;:{&quot;desktop_large&quot;:&quot;70&quot;},&quot;base-letter-spacing&quot;:&quot;global&quot;,&quot;letter-spacing&quot;:{&quot;desktop_large&quot;:&quot;-0.03&quot;}}\" class=\"section-title  \"><span>KONTAKT<\/span><\/h2><\/div><\/header><\/div>[vc_row_inner][vc_column_inner width=&#8221;1\/3&#8243;]<style type=\"text\/css\">#ut_custom_heading69f2f5aff0655 { font-family: \"Courgette\";font-weight:400;font-style:normal; }#ut_custom_heading69f2f5aff0655 { font-size:30px !important;line-height:28px !important; }#ut_custom_heading69f2f5aff0655 { text-align:center; }@media (min-width: 768px) and (max-width: 1024px) { #ut_custom_heading69f2f5aff0655 { text-align:center; } }@media (max-width: 767px) { #ut_custom_heading69f2f5aff0655 { text-align:center; } }<\/style><div id=\"ut_custom_heading69f2f5aff0655\" data-responsive-font=\"div\" data-responsive-font-settings=\"{&quot;base-font-size&quot;:&quot;30&quot;,&quot;font-size-unit&quot;:&quot;px&quot;,&quot;font-size&quot;:{&quot;desktop_large&quot;:&quot;30&quot;},&quot;base-line-height&quot;:&quot;global&quot;,&quot;line-height&quot;:{&quot;desktop_large&quot;:&quot;28&quot;},&quot;base-letter-spacing&quot;:&quot;global&quot;}\" class=\"ut-custom-heading-module  \" ><span class=\"\" >Stefan Broman<\/span><\/div>[vc_column_text]<\/p>\n<p style=\"text-align: center;\">Projektledare<br \/>\n+46 (0)8 587 662 23<br \/>\n<a href=\"mailto:stefan.broman@insightevents.se\">stefan.broman@insightevents.se<\/a><\/p>\n<p>[\/vc_column_text][\/vc_column_inner][vc_column_inner width=&#8221;1\/3&#8243;]<style type=\"text\/css\">#ut_custom_heading69f2f5aff06cb { font-family: \"Fuggles\";font-weight:400;font-style:normal; }#ut_custom_heading69f2f5aff06cb { font-size:30px !important;line-height:28px !important; }#ut_custom_heading69f2f5aff06cb { text-align:center; }@media (min-width: 768px) and (max-width: 1024px) { #ut_custom_heading69f2f5aff06cb { text-align:center; } }@media (max-width: 767px) { #ut_custom_heading69f2f5aff06cb { text-align:center; } }<\/style><div id=\"ut_custom_heading69f2f5aff06cb\" data-responsive-font=\"div\" data-responsive-font-settings=\"{&quot;base-font-size&quot;:&quot;30&quot;,&quot;font-size-unit&quot;:&quot;px&quot;,&quot;font-size&quot;:{&quot;desktop_large&quot;:&quot;30&quot;},&quot;base-line-height&quot;:&quot;global&quot;,&quot;line-height&quot;:{&quot;desktop_large&quot;:&quot;28&quot;},&quot;base-letter-spacing&quot;:&quot;global&quot;}\" class=\"ut-custom-heading-module  \" ><span class=\"\" >Roland Behrendt<\/span><\/div>[vc_column_text]<\/p>\n<p style=\"text-align: center;\">Utst\u00e4llning\/sponsorskap<br \/>\n+46 (0)8 587 662 77<br \/>\n<a href=\"mailto:roland.behrendt@insightevents.se\">roland.behrendt@insightevents.se<\/a><\/p>\n<p>[\/vc_column_text][\/vc_column_inner][vc_column_inner width=&#8221;1\/3&#8243;]<style type=\"text\/css\">#ut_custom_heading69f2f5aff0709 { font-family: \"Zeyada\";font-weight:400;font-style:normal; }#ut_custom_heading69f2f5aff0709 { font-size:30px !important;line-height:28px !important; }#ut_custom_heading69f2f5aff0709 { text-align:center; }@media (min-width: 768px) and (max-width: 1024px) { #ut_custom_heading69f2f5aff0709 { text-align:center; } }@media (max-width: 767px) { #ut_custom_heading69f2f5aff0709 { text-align:center; } }<\/style><div id=\"ut_custom_heading69f2f5aff0709\" data-responsive-font=\"div\" data-responsive-font-settings=\"{&quot;base-font-size&quot;:&quot;30&quot;,&quot;font-size-unit&quot;:&quot;px&quot;,&quot;font-size&quot;:{&quot;desktop_large&quot;:&quot;30&quot;},&quot;base-line-height&quot;:&quot;global&quot;,&quot;line-height&quot;:{&quot;desktop_large&quot;:&quot;28&quot;},&quot;base-letter-spacing&quot;:&quot;global&quot;}\" class=\"ut-custom-heading-module  \" ><span class=\"\" >Magnus Sj\u00f6lander<\/span><\/div>[vc_column_text]<\/p>\n<p style=\"text-align: center;\">Deltagarplats<br \/>\n+46 (0)8 587 662 14<br \/>\n<a href=\"mailto:magnus.sjolander@insightevents.se\">magnus.sjolander@insightevents.se<\/a><\/p>\n<p>[\/vc_column_text][\/vc_column_inner][\/vc_row_inner][\/vc_column][\/vc_row][\/vc_section]<\/p>\n<\/div>","protected":false},"excerpt":{"rendered":"<p>[vc_section css=&#8221;.vc_custom_1713879127375{margin-top: -150px !important;border-top-width: -150px !important;padding-top: -150px !important;}&#8221;][vc_row equal_height=&#8221;yes&#8221; css=&#8221;.vc_custom_1720015563132{padding-top: -50px !important;}&#8221;][vc_column width=&#8221;1\/2&#8243; css=&#8221;.vc_custom_1720015553897{background-image: url(https:\/\/insightevents.se\/contactcenter\/wp-content\/uploads\/sites\/16\/2024\/05\/pexels-andrea-piacquadio-789822-kopiera2.jpg?id=9966) !important;background-position: center !important;background-repeat: no-repeat !important;background-size: cover !important;}&#8221;][\/vc_column][vc_column width=&#8221;1\/2&#8243;][vc_column_text] Datum 20-21 november 2025 Dokumentation M\u00e5nga av v\u00e5ra f\u00f6redragsh\u00e5llare uppdaterar sina anf\u00f6randen i sista stund. F\u00f6r att kunna erbjuda en uppdaterad och korrekt version har vi d\u00e4rf\u00f6r valt att tillhandah\u00e5lla dokumentationerna elektroniskt. [&hellip;]<\/p>\n","protected":false},"author":1,"featured_media":0,"parent":0,"menu_order":0,"comment_status":"closed","ping_status":"closed","template":"","meta":{"_acf_changed":false,"footnotes":""},"class_list":["post-10037","page","type-page","status-publish","hentry"],"acf":[],"yoast_head":"<!-- This site is optimized with the Yoast SEO plugin v27.3 - https:\/\/yoast.com\/product\/yoast-seo-wordpress\/ -->\n<title>praktisk info - Contact Center<\/title>\n<meta name=\"robots\" content=\"index, follow, max-snippet:-1, max-image-preview:large, max-video-preview:-1\" \/>\n<link rel=\"canonical\" href=\"https:\/\/insightevents.se\/contactcenter\/praktisk-info\/\" \/>\n<meta property=\"og:locale\" content=\"sv_SE\" \/>\n<meta property=\"og:type\" content=\"article\" \/>\n<meta property=\"og:title\" content=\"praktisk info - Contact Center\" \/>\n<meta property=\"og:description\" content=\"[vc_section css=&#8221;.vc_custom_1713879127375{margin-top: -150px !important;border-top-width: -150px !important;padding-top: -150px !important;}&#8221;][vc_row equal_height=&#8221;yes&#8221; css=&#8221;.vc_custom_1720015563132{padding-top: -50px !important;}&#8221;][vc_column width=&#8221;1\/2&#8243; css=&#8221;.vc_custom_1720015553897{background-image: url(https:\/\/insightevents.se\/contactcenter\/wp-content\/uploads\/sites\/16\/2024\/05\/pexels-andrea-piacquadio-789822-kopiera2.jpg?id=9966) !important;background-position: center !important;background-repeat: no-repeat !important;background-size: cover !important;}&#8221;][\/vc_column][vc_column width=&#8221;1\/2&#8243;][vc_column_text] Datum 20-21 november 2025 Dokumentation M\u00e5nga av v\u00e5ra f\u00f6redragsh\u00e5llare uppdaterar sina anf\u00f6randen i sista stund. F\u00f6r att kunna erbjuda en uppdaterad och korrekt version har vi d\u00e4rf\u00f6r valt att tillhandah\u00e5lla dokumentationerna elektroniskt. [&hellip;]\" \/>\n<meta property=\"og:url\" content=\"https:\/\/insightevents.se\/contactcenter\/praktisk-info\/\" \/>\n<meta property=\"og:site_name\" content=\"Contact Center\" \/>\n<meta property=\"article:modified_time\" content=\"2026-02-12T14:33:56+00:00\" \/>\n<meta name=\"twitter:card\" content=\"summary_large_image\" \/>\n<meta name=\"twitter:label1\" content=\"Ber\u00e4knad l\u00e4stid\" \/>\n\t<meta name=\"twitter:data1\" content=\"2 minuter\" \/>\n<script type=\"application\/ld+json\" class=\"yoast-schema-graph\">{\"@context\":\"https:\\\/\\\/schema.org\",\"@graph\":[{\"@type\":\"WebPage\",\"@id\":\"https:\\\/\\\/insightevents.se\\\/contactcenter\\\/praktisk-info\\\/\",\"url\":\"https:\\\/\\\/insightevents.se\\\/contactcenter\\\/praktisk-info\\\/\",\"name\":\"praktisk info - Contact Center\",\"isPartOf\":{\"@id\":\"https:\\\/\\\/insightevents.se\\\/contactcenter\\\/#website\"},\"datePublished\":\"2024-07-03T14:15:55+00:00\",\"dateModified\":\"2026-02-12T14:33:56+00:00\",\"breadcrumb\":{\"@id\":\"https:\\\/\\\/insightevents.se\\\/contactcenter\\\/praktisk-info\\\/#breadcrumb\"},\"inLanguage\":\"sv-SE\",\"potentialAction\":[{\"@type\":\"ReadAction\",\"target\":[\"https:\\\/\\\/insightevents.se\\\/contactcenter\\\/praktisk-info\\\/\"]}]},{\"@type\":\"BreadcrumbList\",\"@id\":\"https:\\\/\\\/insightevents.se\\\/contactcenter\\\/praktisk-info\\\/#breadcrumb\",\"itemListElement\":[{\"@type\":\"ListItem\",\"position\":1,\"name\":\"Hem\",\"item\":\"https:\\\/\\\/insightevents.se\\\/contactcenter\\\/\"},{\"@type\":\"ListItem\",\"position\":2,\"name\":\"praktisk info\"}]},{\"@type\":\"WebSite\",\"@id\":\"https:\\\/\\\/insightevents.se\\\/contactcenter\\\/#website\",\"url\":\"https:\\\/\\\/insightevents.se\\\/contactcenter\\\/\",\"name\":\"Contact Center\",\"description\":\"Skapa en kundservice i v\u00e4rldsklass\",\"potentialAction\":[{\"@type\":\"SearchAction\",\"target\":{\"@type\":\"EntryPoint\",\"urlTemplate\":\"https:\\\/\\\/insightevents.se\\\/contactcenter\\\/?s={search_term_string}\"},\"query-input\":{\"@type\":\"PropertyValueSpecification\",\"valueRequired\":true,\"valueName\":\"search_term_string\"}}],\"inLanguage\":\"sv-SE\"}]}<\/script>\n<!-- \/ Yoast SEO plugin. -->","yoast_head_json":{"title":"praktisk info - Contact Center","robots":{"index":"index","follow":"follow","max-snippet":"max-snippet:-1","max-image-preview":"max-image-preview:large","max-video-preview":"max-video-preview:-1"},"canonical":"https:\/\/insightevents.se\/contactcenter\/praktisk-info\/","og_locale":"sv_SE","og_type":"article","og_title":"praktisk info - Contact Center","og_description":"[vc_section css=&#8221;.vc_custom_1713879127375{margin-top: -150px !important;border-top-width: -150px !important;padding-top: -150px !important;}&#8221;][vc_row equal_height=&#8221;yes&#8221; css=&#8221;.vc_custom_1720015563132{padding-top: -50px !important;}&#8221;][vc_column width=&#8221;1\/2&#8243; css=&#8221;.vc_custom_1720015553897{background-image: url(https:\/\/insightevents.se\/contactcenter\/wp-content\/uploads\/sites\/16\/2024\/05\/pexels-andrea-piacquadio-789822-kopiera2.jpg?id=9966) !important;background-position: center !important;background-repeat: no-repeat !important;background-size: cover !important;}&#8221;][\/vc_column][vc_column width=&#8221;1\/2&#8243;][vc_column_text] Datum 20-21 november 2025 Dokumentation M\u00e5nga av v\u00e5ra f\u00f6redragsh\u00e5llare uppdaterar sina anf\u00f6randen i sista stund. F\u00f6r att kunna erbjuda en uppdaterad och korrekt version har vi d\u00e4rf\u00f6r valt att tillhandah\u00e5lla dokumentationerna elektroniskt. [&hellip;]","og_url":"https:\/\/insightevents.se\/contactcenter\/praktisk-info\/","og_site_name":"Contact Center","article_modified_time":"2026-02-12T14:33:56+00:00","twitter_card":"summary_large_image","twitter_misc":{"Ber\u00e4knad l\u00e4stid":"2 minuter"},"schema":{"@context":"https:\/\/schema.org","@graph":[{"@type":"WebPage","@id":"https:\/\/insightevents.se\/contactcenter\/praktisk-info\/","url":"https:\/\/insightevents.se\/contactcenter\/praktisk-info\/","name":"praktisk info - Contact Center","isPartOf":{"@id":"https:\/\/insightevents.se\/contactcenter\/#website"},"datePublished":"2024-07-03T14:15:55+00:00","dateModified":"2026-02-12T14:33:56+00:00","breadcrumb":{"@id":"https:\/\/insightevents.se\/contactcenter\/praktisk-info\/#breadcrumb"},"inLanguage":"sv-SE","potentialAction":[{"@type":"ReadAction","target":["https:\/\/insightevents.se\/contactcenter\/praktisk-info\/"]}]},{"@type":"BreadcrumbList","@id":"https:\/\/insightevents.se\/contactcenter\/praktisk-info\/#breadcrumb","itemListElement":[{"@type":"ListItem","position":1,"name":"Hem","item":"https:\/\/insightevents.se\/contactcenter\/"},{"@type":"ListItem","position":2,"name":"praktisk info"}]},{"@type":"WebSite","@id":"https:\/\/insightevents.se\/contactcenter\/#website","url":"https:\/\/insightevents.se\/contactcenter\/","name":"Contact Center","description":"Skapa en kundservice i v\u00e4rldsklass","potentialAction":[{"@type":"SearchAction","target":{"@type":"EntryPoint","urlTemplate":"https:\/\/insightevents.se\/contactcenter\/?s={search_term_string}"},"query-input":{"@type":"PropertyValueSpecification","valueRequired":true,"valueName":"search_term_string"}}],"inLanguage":"sv-SE"}]}},"_links":{"self":[{"href":"https:\/\/insightevents.se\/contactcenter\/wp-json\/wp\/v2\/pages\/10037","targetHints":{"allow":["GET"]}}],"collection":[{"href":"https:\/\/insightevents.se\/contactcenter\/wp-json\/wp\/v2\/pages"}],"about":[{"href":"https:\/\/insightevents.se\/contactcenter\/wp-json\/wp\/v2\/types\/page"}],"author":[{"embeddable":true,"href":"https:\/\/insightevents.se\/contactcenter\/wp-json\/wp\/v2\/users\/1"}],"replies":[{"embeddable":true,"href":"https:\/\/insightevents.se\/contactcenter\/wp-json\/wp\/v2\/comments?post=10037"}],"version-history":[{"count":17,"href":"https:\/\/insightevents.se\/contactcenter\/wp-json\/wp\/v2\/pages\/10037\/revisions"}],"predecessor-version":[{"id":10185,"href":"https:\/\/insightevents.se\/contactcenter\/wp-json\/wp\/v2\/pages\/10037\/revisions\/10185"}],"wp:attachment":[{"href":"https:\/\/insightevents.se\/contactcenter\/wp-json\/wp\/v2\/media?parent=10037"}],"curies":[{"name":"wp","href":"https:\/\/api.w.org\/{rel}","templated":true}]}}