{"id":65,"date":"2017-05-09T13:20:34","date_gmt":"2017-05-09T13:20:34","guid":{"rendered":"https:\/\/insightevents.se\/ekonomidagarna\/?page_id=65"},"modified":"2023-11-28T13:12:44","modified_gmt":"2023-11-28T13:12:44","slug":"kontakt","status":"publish","type":"page","link":"https:\/\/insightevents.se\/ekonomidagarna\/anmalan\/kontakt\/","title":{"rendered":"Kontakt"},"content":{"rendered":"<div class=\"wpb-content-wrapper\"><p>[vc_row][vc_column][vc_icon icon_fontawesome=&#8221;fa fa-envelope&#8221; color=&#8221;white&#8221; background_style=&#8221;rounded&#8221; background_color=&#8221;custom&#8221; size=&#8221;xl&#8221; align=&#8221;center&#8221; css_animation=&#8221;appear&#8221; custom_background_color=&#8221;#98bdd5&#8243;][vc_custom_heading text=&#8221;KONTAKT&#8221; font_container=&#8221;tag:h1|text_align:center|color:%2398bdd5&#8243; google_fonts=&#8221;font_family:Roboto%3A100%2C100italic%2C300%2C300italic%2Cregular%2Citalic%2C500%2C500italic%2C700%2C700italic%2C900%2C900italic|font_style:700%20bold%20regular%3A700%3Anormal&#8221; text_transform=&#8221;uppercase&#8221;][\/vc_column][\/vc_row][vc_row css=&#8221;.vc_custom_1494336031945{padding-top: 20px !important;}&#8221;][vc_column width=&#8221;1\/4&#8243;][vc_column_text]<\/p>\n<p style=\"text-align: center;\"><strong>Insight Events Sweden<\/strong><br \/>\nOrganisat\u00f6r<br \/>\n+46 (0)8 587 662 00<br \/>\n<a href=\"mailto:info@insightevents.se\">info@insightevents.se<\/a><\/p>\n<p>[\/vc_column_text][\/vc_column][vc_column width=&#8221;1\/4&#8243;][vc_column_text]<\/p>\n<p style=\"text-align: center;\"><strong>Stefan Broman<\/strong><br \/>\nProject manager<br \/>\nE-post: <a href=\"mailto:stefan.broman@insightevents.se\">stefan.broman@insightevents.se<\/a><\/p>\n<p>[\/vc_column_text][\/vc_column][vc_column width=&#8221;1\/4&#8243;][vc_column_text]<\/p>\n<p style=\"text-align: center;\"><strong>Magnus Sj\u00f6lander<\/strong><br \/>\nDeltagarplats<br \/>\n+46 (0)8 58766214<br \/>\n<a href=\"mailto:magnus.sjolander@insightevents.se\">magnus.sjolander@insightevents.se<\/a><\/p>\n<p>[\/vc_column_text][\/vc_column][vc_column width=&#8221;1\/4&#8243;][vc_column_text]<\/p>\n<p style=\"text-align: center;\"><strong>Roland Behrendt<\/strong><br \/>\nUtst\u00e4lling\/sponsorskap<br \/>\n+46 (0)8 58766277<br \/>\n<a href=\"mailto:roland.behrendt@insightevents.se\">roland.behrendt@insightevents.se<\/a><\/p>\n<p>[\/vc_column_text][\/vc_column][\/vc_row][vc_row full_width=&#8221;stretch_row_content&#8221; css=&#8221;.vc_custom_1494405385546{background-color: #ffffff !important;}&#8221;][vc_column][vc_gmaps link=&#8221;#E-8_JTNDaWZyYW1lJTIwc3JjJTNEJTIyaHR0cHMlM0ElMkYlMkZ3d3cuZ29vZ2xlLmNvbSUyRm1hcHMlMkZlbWJlZCUzRnBiJTNEJTIxMW0xOCUyMTFtMTIlMjExbTMlMjExZDIwMzguODY3MjkzNDI4OTMxJTIxMmQxNS4yMDU5MzYyMTYxNjQ5ODQlMjEzZDU5LjI2ODM2NjEyMjk1MTAzNiUyMTJtMyUyMTFmMCUyMTJmMCUyMTNmMCUyMTNtMiUyMTFpMTAyNCUyMTJpNzY4JTIxNGYxMy4xJTIxM20zJTIxMW0yJTIxMXMweDQ2NWMxNGU0MWU5NGNmODUlMjUzQTB4NDFlOTNmNTRiOWU0OThiMCUyMTJzT0xPRiUyQlBBTE1FUyUyQlRPUkclMkIxJTI1MkMlMkI3MDIlMkIyMiUyQiUyNUMzJTI1OTZyZWJybyUyMTVlMCUyMTNtMiUyMTFzZW4lMjEyc3NlJTIxNHYxNTA4ODI5Mjg3MDgzJTIyJTIwd2lkdGglM0QlMjI2MDAlMjIlMjBoZWlnaHQlM0QlMjI0NTAlMjIlMjBmcmFtZWJvcmRlciUzRCUyMjAlMjIlMjBzdHlsZSUzRCUyMmJvcmRlciUzQTAlMjIlMjBhbGxvd2Z1bGxzY3JlZW4lM0UlM0MlMkZpZnJhbWUlM0U=&#8221;][\/vc_column][\/vc_row]<\/p>\n<\/div>","protected":false},"excerpt":{"rendered":"<p>[vc_row][vc_column][vc_icon icon_fontawesome=&#8221;fa fa-envelope&#8221; color=&#8221;white&#8221; background_style=&#8221;rounded&#8221; background_color=&#8221;custom&#8221; size=&#8221;xl&#8221; align=&#8221;center&#8221; css_animation=&#8221;appear&#8221; custom_background_color=&#8221;#98bdd5&#8243;][vc_custom_heading text=&#8221;KONTAKT&#8221; font_container=&#8221;tag:h1|text_align:center|color:%2398bdd5&#8243; google_fonts=&#8221;font_family:Roboto%3A100%2C100italic%2C300%2C300italic%2Cregular%2Citalic%2C500%2C500italic%2C700%2C700italic%2C900%2C900italic|font_style:700%20bold%20regular%3A700%3Anormal&#8221; text_transform=&#8221;uppercase&#8221;][\/vc_column][\/vc_row][vc_row css=&#8221;.vc_custom_1494336031945{padding-top: 20px !important;}&#8221;][vc_column width=&#8221;1\/4&#8243;][vc_column_text] Insight Events Sweden Organisat\u00f6r +46 (0)8 587 662 00 info@insightevents.se [\/vc_column_text][\/vc_column][vc_column width=&#8221;1\/4&#8243;][vc_column_text] Stefan Broman Project manager E-post: stefan.broman@insightevents.se [\/vc_column_text][\/vc_column][vc_column width=&#8221;1\/4&#8243;][vc_column_text] Magnus Sj\u00f6lander Deltagarplats +46 (0)8 58766214 magnus.sjolander@insightevents.se [\/vc_column_text][\/vc_column][vc_column width=&#8221;1\/4&#8243;][vc_column_text] Roland Behrendt Utst\u00e4lling\/sponsorskap +46 (0)8 58766277 roland.behrendt@insightevents.se [\/vc_column_text][\/vc_column][\/vc_row][vc_row [&hellip;]<\/p>\n","protected":false},"author":1,"featured_media":0,"parent":70,"menu_order":0,"comment_status":"closed","ping_status":"closed","template":"","meta":{"_acf_changed":false,"footnotes":""},"class_list":["post-65","page","type-page","status-publish","hentry"],"acf":[],"yoast_head":"<!-- This site is optimized with the Yoast SEO plugin v27.3 - https:\/\/yoast.com\/product\/yoast-seo-wordpress\/ -->\n<title>Kontakt - Ekonomidagarna<\/title>\n<meta name=\"description\" content=\"Kontaktinfo till Ekonomidagarna - \u00c5rlig konferens om framtidens v\u00e4gval och visioner f\u00f6r offentlig ekonomi\" \/>\n<meta name=\"robots\" content=\"index, follow, max-snippet:-1, max-image-preview:large, max-video-preview:-1\" \/>\n<link rel=\"canonical\" href=\"https:\/\/insightevents.se\/ekonomidagarna\/anmalan\/kontakt\/\" \/>\n<meta property=\"og:locale\" content=\"sv_SE\" \/>\n<meta property=\"og:type\" content=\"article\" \/>\n<meta property=\"og:title\" content=\"Kontakt - Ekonomidagarna\" \/>\n<meta property=\"og:description\" content=\"Kontaktinfo till Ekonomidagarna - \u00c5rlig konferens om framtidens v\u00e4gval och visioner f\u00f6r offentlig ekonomi\" \/>\n<meta property=\"og:url\" content=\"https:\/\/insightevents.se\/ekonomidagarna\/anmalan\/kontakt\/\" \/>\n<meta property=\"og:site_name\" content=\"Ekonomidagarna\" \/>\n<meta property=\"article:modified_time\" content=\"2023-11-28T13:12:44+00:00\" \/>\n<meta name=\"twitter:card\" content=\"summary_large_image\" \/>\n<meta name=\"twitter:label1\" content=\"Ber\u00e4knad l\u00e4stid\" \/>\n\t<meta name=\"twitter:data1\" content=\"1 minut\" \/>\n<script type=\"application\/ld+json\" class=\"yoast-schema-graph\">{\"@context\":\"https:\\\/\\\/schema.org\",\"@graph\":[{\"@type\":\"WebPage\",\"@id\":\"https:\\\/\\\/insightevents.se\\\/ekonomidagarna\\\/anmalan\\\/kontakt\\\/\",\"url\":\"https:\\\/\\\/insightevents.se\\\/ekonomidagarna\\\/anmalan\\\/kontakt\\\/\",\"name\":\"Kontakt - Ekonomidagarna\",\"isPartOf\":{\"@id\":\"https:\\\/\\\/insightevents.se\\\/ekonomidagarna\\\/#website\"},\"datePublished\":\"2017-05-09T13:20:34+00:00\",\"dateModified\":\"2023-11-28T13:12:44+00:00\",\"description\":\"Kontaktinfo till Ekonomidagarna - \u00c5rlig konferens om framtidens v\u00e4gval och visioner f\u00f6r offentlig ekonomi\",\"breadcrumb\":{\"@id\":\"https:\\\/\\\/insightevents.se\\\/ekonomidagarna\\\/anmalan\\\/kontakt\\\/#breadcrumb\"},\"inLanguage\":\"sv-SE\",\"potentialAction\":[{\"@type\":\"ReadAction\",\"target\":[\"https:\\\/\\\/insightevents.se\\\/ekonomidagarna\\\/anmalan\\\/kontakt\\\/\"]}]},{\"@type\":\"BreadcrumbList\",\"@id\":\"https:\\\/\\\/insightevents.se\\\/ekonomidagarna\\\/anmalan\\\/kontakt\\\/#breadcrumb\",\"itemListElement\":[{\"@type\":\"ListItem\",\"position\":1,\"name\":\"Home\",\"item\":\"https:\\\/\\\/insightevents.se\\\/ekonomidagarna\\\/\"},{\"@type\":\"ListItem\",\"position\":2,\"name\":\"Anm\u00e4lan\",\"item\":\"https:\\\/\\\/insightevents.se\\\/ekonomidagarna\\\/anmalan\\\/\"},{\"@type\":\"ListItem\",\"position\":3,\"name\":\"Kontakt\"}]},{\"@type\":\"WebSite\",\"@id\":\"https:\\\/\\\/insightevents.se\\\/ekonomidagarna\\\/#website\",\"url\":\"https:\\\/\\\/insightevents.se\\\/ekonomidagarna\\\/\",\"name\":\"Ekonomidagarna\",\"description\":\"Just another Insight Events Sweden Websites site\",\"potentialAction\":[{\"@type\":\"SearchAction\",\"target\":{\"@type\":\"EntryPoint\",\"urlTemplate\":\"https:\\\/\\\/insightevents.se\\\/ekonomidagarna\\\/?s={search_term_string}\"},\"query-input\":{\"@type\":\"PropertyValueSpecification\",\"valueRequired\":true,\"valueName\":\"search_term_string\"}}],\"inLanguage\":\"sv-SE\"}]}<\/script>\n<!-- \/ Yoast SEO plugin. -->","yoast_head_json":{"title":"Kontakt - Ekonomidagarna","description":"Kontaktinfo till Ekonomidagarna - \u00c5rlig konferens om framtidens v\u00e4gval och visioner f\u00f6r offentlig ekonomi","robots":{"index":"index","follow":"follow","max-snippet":"max-snippet:-1","max-image-preview":"max-image-preview:large","max-video-preview":"max-video-preview:-1"},"canonical":"https:\/\/insightevents.se\/ekonomidagarna\/anmalan\/kontakt\/","og_locale":"sv_SE","og_type":"article","og_title":"Kontakt - Ekonomidagarna","og_description":"Kontaktinfo till Ekonomidagarna - \u00c5rlig konferens om framtidens v\u00e4gval och visioner f\u00f6r offentlig ekonomi","og_url":"https:\/\/insightevents.se\/ekonomidagarna\/anmalan\/kontakt\/","og_site_name":"Ekonomidagarna","article_modified_time":"2023-11-28T13:12:44+00:00","twitter_card":"summary_large_image","twitter_misc":{"Ber\u00e4knad l\u00e4stid":"1 minut"},"schema":{"@context":"https:\/\/schema.org","@graph":[{"@type":"WebPage","@id":"https:\/\/insightevents.se\/ekonomidagarna\/anmalan\/kontakt\/","url":"https:\/\/insightevents.se\/ekonomidagarna\/anmalan\/kontakt\/","name":"Kontakt - Ekonomidagarna","isPartOf":{"@id":"https:\/\/insightevents.se\/ekonomidagarna\/#website"},"datePublished":"2017-05-09T13:20:34+00:00","dateModified":"2023-11-28T13:12:44+00:00","description":"Kontaktinfo till Ekonomidagarna - \u00c5rlig konferens om framtidens v\u00e4gval och visioner f\u00f6r offentlig ekonomi","breadcrumb":{"@id":"https:\/\/insightevents.se\/ekonomidagarna\/anmalan\/kontakt\/#breadcrumb"},"inLanguage":"sv-SE","potentialAction":[{"@type":"ReadAction","target":["https:\/\/insightevents.se\/ekonomidagarna\/anmalan\/kontakt\/"]}]},{"@type":"BreadcrumbList","@id":"https:\/\/insightevents.se\/ekonomidagarna\/anmalan\/kontakt\/#breadcrumb","itemListElement":[{"@type":"ListItem","position":1,"name":"Home","item":"https:\/\/insightevents.se\/ekonomidagarna\/"},{"@type":"ListItem","position":2,"name":"Anm\u00e4lan","item":"https:\/\/insightevents.se\/ekonomidagarna\/anmalan\/"},{"@type":"ListItem","position":3,"name":"Kontakt"}]},{"@type":"WebSite","@id":"https:\/\/insightevents.se\/ekonomidagarna\/#website","url":"https:\/\/insightevents.se\/ekonomidagarna\/","name":"Ekonomidagarna","description":"Just another Insight Events Sweden Websites site","potentialAction":[{"@type":"SearchAction","target":{"@type":"EntryPoint","urlTemplate":"https:\/\/insightevents.se\/ekonomidagarna\/?s={search_term_string}"},"query-input":{"@type":"PropertyValueSpecification","valueRequired":true,"valueName":"search_term_string"}}],"inLanguage":"sv-SE"}]}},"_links":{"self":[{"href":"https:\/\/insightevents.se\/ekonomidagarna\/wp-json\/wp\/v2\/pages\/65","targetHints":{"allow":["GET"]}}],"collection":[{"href":"https:\/\/insightevents.se\/ekonomidagarna\/wp-json\/wp\/v2\/pages"}],"about":[{"href":"https:\/\/insightevents.se\/ekonomidagarna\/wp-json\/wp\/v2\/types\/page"}],"author":[{"embeddable":true,"href":"https:\/\/insightevents.se\/ekonomidagarna\/wp-json\/wp\/v2\/users\/1"}],"replies":[{"embeddable":true,"href":"https:\/\/insightevents.se\/ekonomidagarna\/wp-json\/wp\/v2\/comments?post=65"}],"version-history":[{"count":10,"href":"https:\/\/insightevents.se\/ekonomidagarna\/wp-json\/wp\/v2\/pages\/65\/revisions"}],"predecessor-version":[{"id":240,"href":"https:\/\/insightevents.se\/ekonomidagarna\/wp-json\/wp\/v2\/pages\/65\/revisions\/240"}],"up":[{"embeddable":true,"href":"https:\/\/insightevents.se\/ekonomidagarna\/wp-json\/wp\/v2\/pages\/70"}],"wp:attachment":[{"href":"https:\/\/insightevents.se\/ekonomidagarna\/wp-json\/wp\/v2\/media?parent=65"}],"curies":[{"name":"wp","href":"https:\/\/api.w.org\/{rel}","templated":true}]}}

<div class="wpb-content-wrapper"><p>[vc_row][vc_column][vc_icon icon_fontawesome=&#8221;fa fa-envelope&#8221; color=&#8221;white&#8221; background_style=&#8221;rounded&#8221; background_color=&#8221;custom&#8221; size=&#8221;xl&#8221; align=&#8221;center&#8221; css_animation=&#8221;appear&#8221; custom_background_color=&#8221;#98bdd5&#8243;][vc_custom_heading text=&#8221;KONTAKT&#8221; font_container=&#8221;tag:h1|text_align:center|color:%2398bdd5&#8243; google_fonts=&#8221;font_family:Roboto%3A100%2C100italic%2C300%2C300italic%2Cregular%2Citalic%2C500%2C500italic%2C700%2C700italic%2C900%2C900italic|font_style:700%20bold%20regular%3A700%3Anormal&#8221; text_transform=&#8221;uppercase&#8221;][/vc_column][/vc_row][vc_row css=&#8221;.vc_custom_1494336031945{padding-top: 20px !important;}&#8221;][vc_column width=&#8221;1/4&#8243;][vc_column_text]</p>
<p style="text-align: center;"><strong>Insight Events Sweden</strong><br />
Organisatör<br />
+46 (0)8 587 662 00<br />
<a href="mailto:info@insightevents.se">info@insightevents.se</a></p>
<p>[/vc_column_text][/vc_column][vc_column width=&#8221;1/4&#8243;][vc_column_text]</p>
<p style="text-align: center;"><strong>Stefan Broman</strong><br />
Project manager<br />
E-post: <a href="mailto:stefan.broman@insightevents.se">stefan.broman@insightevents.se</a></p>
<p>[/vc_column_text][/vc_column][vc_column width=&#8221;1/4&#8243;][vc_column_text]</p>
<p style="text-align: center;"><strong>Magnus Sjölander</strong><br />
Deltagarplats<br />
+46 (0)8 58766214<br />
<a href="mailto:magnus.sjolander@insightevents.se">magnus.sjolander@insightevents.se</a></p>
<p>[/vc_column_text][/vc_column][vc_column width=&#8221;1/4&#8243;][vc_column_text]</p>
<p style="text-align: center;"><strong>Roland Behrendt</strong><br />
Utställing/sponsorskap<br />
+46 (0)8 58766277<br />
<a href="mailto:roland.behrendt@insightevents.se">roland.behrendt@insightevents.se</a></p>
<p>[/vc_column_text][/vc_column][/vc_row][vc_row full_width=&#8221;stretch_row_content&#8221; css=&#8221;.vc_custom_1494405385546{background-color: #ffffff !important;}&#8221;][vc_column][vc_gmaps link=&#8221;#E-8_JTNDaWZyYW1lJTIwc3JjJTNEJTIyaHR0cHMlM0ElMkYlMkZ3d3cuZ29vZ2xlLmNvbSUyRm1hcHMlMkZlbWJlZCUzRnBiJTNEJTIxMW0xOCUyMTFtMTIlMjExbTMlMjExZDIwMzguODY3MjkzNDI4OTMxJTIxMmQxNS4yMDU5MzYyMTYxNjQ5ODQlMjEzZDU5LjI2ODM2NjEyMjk1MTAzNiUyMTJtMyUyMTFmMCUyMTJmMCUyMTNmMCUyMTNtMiUyMTFpMTAyNCUyMTJpNzY4JTIxNGYxMy4xJTIxM20zJTIxMW0yJTIxMXMweDQ2NWMxNGU0MWU5NGNmODUlMjUzQTB4NDFlOTNmNTRiOWU0OThiMCUyMTJzT0xPRiUyQlBBTE1FUyUyQlRPUkclMkIxJTI1MkMlMkI3MDIlMkIyMiUyQiUyNUMzJTI1OTZyZWJybyUyMTVlMCUyMTNtMiUyMTFzZW4lMjEyc3NlJTIxNHYxNTA4ODI5Mjg3MDgzJTIyJTIwd2lkdGglM0QlMjI2MDAlMjIlMjBoZWlnaHQlM0QlMjI0NTAlMjIlMjBmcmFtZWJvcmRlciUzRCUyMjAlMjIlMjBzdHlsZSUzRCUyMmJvcmRlciUzQTAlMjIlMjBhbGxvd2Z1bGxzY3JlZW4lM0UlM0MlMkZpZnJhbWUlM0U=&#8221;][/vc_column][/vc_row]</p>
</div>

<p>[vc_row][vc_column][vc_icon icon_fontawesome=&#8221;fa fa-envelope&#8221; color=&#8221;white&#8221; background_style=&#8221;rounded&#8221; background_color=&#8221;custom&#8221; size=&#8221;xl&#8221; align=&#8221;center&#8221; css_animation=&#8221;appear&#8221; custom_background_color=&#8221;#98bdd5&#8243;][vc_custom_heading text=&#8221;KONTAKT&#8221; font_container=&#8221;tag:h1|text_align:center|color:%2398bdd5&#8243; google_fonts=&#8221;font_family:Roboto%3A100%2C100italic%2C300%2C300italic%2Cregular%2Citalic%2C500%2C500italic%2C700%2C700italic%2C900%2C900italic|font_style:700%20bold%20regular%3A700%3Anormal&#8221; text_transform=&#8221;uppercase&#8221;][/vc_column][/vc_row][vc_row css=&#8221;.vc_custom_1494336031945{padding-top: 20px !important;}&#8221;][vc_column width=&#8221;1/4&#8243;][vc_column_text] Insight Events Sweden Organisatör +46 (0)8 587 662 00 info@insightevents.se [/vc_column_text][/vc_column][vc_column width=&#8221;1/4&#8243;][vc_column_text] Stefan Broman Project manager E-post: stefan.broman@insightevents.se [/vc_column_text][/vc_column][vc_column width=&#8221;1/4&#8243;][vc_column_text] Magnus Sjölander Deltagarplats +46 (0)8 58766214 magnus.sjolander@insightevents.se [/vc_column_text][/vc_column][vc_column width=&#8221;1/4&#8243;][vc_column_text] Roland Behrendt Utställing/sponsorskap +46 (0)8 58766277 roland.behrendt@insightevents.se [/vc_column_text][/vc_column][/vc_row][vc_row [&hellip;]</p>

<!-- This site is optimized with the Yoast SEO plugin v27.3 - https://yoast.com/product/yoast-seo-wordpress/ -->
<title>Kontakt - Ekonomidagarna</title>
<meta name="description" content="Kontaktinfo till Ekonomidagarna - Årlig konferens om framtidens vägval och visioner för offentlig ekonomi" />
<meta name="robots" content="index, follow, max-snippet:-1, max-image-preview:large, max-video-preview:-1" />
<link rel="canonical" href="https://insightevents.se/ekonomidagarna/anmalan/kontakt/" />
<meta property="og:locale" content="sv_SE" />
<meta property="og:type" content="article" />
<meta property="og:title" content="Kontakt - Ekonomidagarna" />
<meta property="og:description" content="Kontaktinfo till Ekonomidagarna - Årlig konferens om framtidens vägval och visioner för offentlig ekonomi" />
<meta property="og:url" content="https://insightevents.se/ekonomidagarna/anmalan/kontakt/" />
<meta property="og:site_name" content="Ekonomidagarna" />
<meta property="article:modified_time" content="2023-11-28T13:12:44+00:00" />
<meta name="twitter:card" content="summary_large_image" />
<meta name="twitter:label1" content="Beräknad lästid" />
	<meta name="twitter:data1" content="1 minut" />
<script type="application/ld+json" class="yoast-schema-graph">{"@context":"https:\/\/schema.org","@graph":[{"@type":"WebPage","@id":"https:\/\/insightevents.se\/ekonomidagarna\/anmalan\/kontakt\/","url":"https:\/\/insightevents.se\/ekonomidagarna\/anmalan\/kontakt\/","name":"Kontakt - Ekonomidagarna","isPartOf":{"@id":"https:\/\/insightevents.se\/ekonomidagarna\/#website"},"datePublished":"2017-05-09T13:20:34+00:00","dateModified":"2023-11-28T13:12:44+00:00","description":"Kontaktinfo till Ekonomidagarna - Årlig konferens om framtidens vägval och visioner för offentlig ekonomi","breadcrumb":{"@id":"https:\/\/insightevents.se\/ekonomidagarna\/anmalan\/kontakt\/#breadcrumb"},"inLanguage":"sv-SE","potentialAction":[{"@type":"ReadAction","target":["https:\/\/insightevents.se\/ekonomidagarna\/anmalan\/kontakt\/"]}]},{"@type":"BreadcrumbList","@id":"https:\/\/insightevents.se\/ekonomidagarna\/anmalan\/kontakt\/#breadcrumb","itemListElement":[{"@type":"ListItem","position":1,"name":"Home","item":"https:\/\/insightevents.se\/ekonomidagarna\/"},{"@type":"ListItem","position":2,"name":"Anmälan","item":"https:\/\/insightevents.se\/ekonomidagarna\/anmalan\/"},{"@type":"ListItem","position":3,"name":"Kontakt"}]},{"@type":"WebSite","@id":"https:\/\/insightevents.se\/ekonomidagarna\/#website","url":"https:\/\/insightevents.se\/ekonomidagarna\/","name":"Ekonomidagarna","description":"Just another Insight Events Sweden Websites site","potentialAction":[{"@type":"SearchAction","target":{"@type":"EntryPoint","urlTemplate":"https:\/\/insightevents.se\/ekonomidagarna\/?s={search_term_string}"},"query-input":{"@type":"PropertyValueSpecification","valueRequired":true,"valueName":"search_term_string"}}],"inLanguage":"sv-SE"}]}</script>
<!-- / Yoast SEO plugin. -->

Kontaktinfo till Ekonomidagarna - Årlig konferens om framtidens vägval och visioner för offentlig ekonomi

Anmälan
