{"version":"1.0","provider_name":"Gatubelysningsforum","provider_url":"https:\/\/insightevents.se\/gatubelysningsforum","author_name":"Webmaster","author_url":"https:\/\/insightevents.se\/gatubelysningsforum\/author\/webmaster\/","title":"Intervju - Ove Andersson, Motala kommun - Gatubelysningsforum","type":"rich","width":600,"height":338,"html":"<blockquote class=\"wp-embedded-content\" data-secret=\"3myputBCl8\"><a href=\"https:\/\/insightevents.se\/gatubelysningsforum\/2018\/06\/13\/intervju-ove-andersson-motala-kommun\/\">Intervju &#8211; Ove Andersson, Motala kommun<\/a><\/blockquote><iframe sandbox=\"allow-scripts\" security=\"restricted\" src=\"https:\/\/insightevents.se\/gatubelysningsforum\/2018\/06\/13\/intervju-ove-andersson-motala-kommun\/embed\/#?secret=3myputBCl8\" width=\"600\" height=\"338\" title=\"\u201dIntervju &#8211; Ove Andersson, Motala kommun\u201d &ndash; Gatubelysningsforum\" data-secret=\"3myputBCl8\" frameborder=\"0\" marginwidth=\"0\" marginheight=\"0\" scrolling=\"no\" class=\"wp-embedded-content\"><\/iframe><script type=\"text\/javascript\">\n\/* <![CDATA[ *\/\n\/*! This file is auto-generated *\/\n!function(d,l){\"use strict\";l.querySelector&&d.addEventListener&&\"undefined\"!=typeof URL&&(d.wp=d.wp||{},d.wp.receiveEmbedMessage||(d.wp.receiveEmbedMessage=function(e){var t=e.data;if((t||t.secret||t.message||t.value)&&!\/[^a-zA-Z0-9]\/.test(t.secret)){for(var s,r,n,a=l.querySelectorAll('iframe[data-secret=\"'+t.secret+'\"]'),o=l.querySelectorAll('blockquote[data-secret=\"'+t.secret+'\"]'),c=new RegExp(\"^https?:$\",\"i\"),i=0;i<o.length;i++)o[i].style.display=\"none\";for(i=0;i<a.length;i++)s=a[i],e.source===s.contentWindow&&(s.removeAttribute(\"style\"),\"height\"===t.message?(1e3<(r=parseInt(t.value,10))?r=1e3:~~r<200&&(r=200),s.height=r):\"link\"===t.message&&(r=new URL(s.getAttribute(\"src\")),n=new URL(t.value),c.test(n.protocol))&&n.host===r.host&&l.activeElement===s&&(d.top.location.href=t.value))}},d.addEventListener(\"message\",d.wp.receiveEmbedMessage,!1),l.addEventListener(\"DOMContentLoaded\",function(){for(var e,t,s=l.querySelectorAll(\"iframe.wp-embedded-content\"),r=0;r<s.length;r++)(t=(e=s[r]).getAttribute(\"data-secret\"))||(t=Math.random().toString(36).substring(2,12),e.src+=\"#?secret=\"+t,e.setAttribute(\"data-secret\",t)),e.contentWindow.postMessage({message:\"ready\",secret:t},\"*\")},!1)))}(window,document);\n\/\/# sourceURL=https:\/\/insightevents.se\/gatubelysningsforum\/wp-includes\/js\/wp-embed.min.js\n\/* ]]> *\/\n<\/script>\n","description":"Ove Andersson arbetar som gatuingenj\u00f6r p\u00e5 Tekniska f\u00f6rvaltningen Gata &amp; Park i Motala kommun. Han \u00e4r aktuellt som talare p\u00e5 Gatubelysningsforum 2018 och vi fick m\u00f6jlighet att ta ett litet snack med honom inf\u00f6r eventet. Ove \u00e4r en man med starka \u00e5sikter och det tar inte l\u00e5ng tid in i samtalet innan vi kommer in [&hellip;]","thumbnail_url":"https:\/\/insightevents.se\/gatubelysningsforum\/wp-content\/uploads\/sites\/4\/2016\/04\/talare_gatubel_201810-150x150.jpg"}

Ove Andersson arbetar som gatuingenjör på Tekniska förvaltningen Gata &amp; Park i Motala kommun. Han är aktuellt som talare på Gatubelysningsforum 2018 och vi fick möjlighet att ta ett litet snack med honom inför eventet. Ove är en man med starka åsikter och det tar inte lång tid in i samtalet innan vi kommer in [&hellip;]
