{"version":"1.0","provider_name":"Gatubelysningsforum","provider_url":"https:\/\/insightevents.se\/gatubelysningsforum","author_name":"Webmaster","author_url":"https:\/\/insightevents.se\/gatubelysningsforum\/author\/webmaster\/","title":"Moderatorn om Gatubelysningsforum 2022 - Gatubelysningsforum","type":"rich","width":600,"height":338,"html":"<blockquote class=\"wp-embedded-content\" data-secret=\"Tyu8mzTpnN\"><a href=\"https:\/\/insightevents.se\/gatubelysningsforum\/2022\/05\/10\/moderatorn-om-gatubelysningsforum-2022\/\">Moderatorn om Gatubelysningsforum 2022<\/a><\/blockquote><iframe sandbox=\"allow-scripts\" security=\"restricted\" src=\"https:\/\/insightevents.se\/gatubelysningsforum\/2022\/05\/10\/moderatorn-om-gatubelysningsforum-2022\/embed\/#?secret=Tyu8mzTpnN\" width=\"600\" height=\"338\" title=\"\u201dModeratorn om Gatubelysningsforum 2022\u201d &ndash; Gatubelysningsforum\" data-secret=\"Tyu8mzTpnN\" frameborder=\"0\" marginwidth=\"0\" marginheight=\"0\" scrolling=\"no\" class=\"wp-embedded-content\"><\/iframe><script type=\"text\/javascript\">\n\/* <![CDATA[ *\/\n\/*! This file is auto-generated *\/\n!function(d,l){\"use strict\";l.querySelector&&d.addEventListener&&\"undefined\"!=typeof URL&&(d.wp=d.wp||{},d.wp.receiveEmbedMessage||(d.wp.receiveEmbedMessage=function(e){var t=e.data;if((t||t.secret||t.message||t.value)&&!\/[^a-zA-Z0-9]\/.test(t.secret)){for(var s,r,n,a=l.querySelectorAll('iframe[data-secret=\"'+t.secret+'\"]'),o=l.querySelectorAll('blockquote[data-secret=\"'+t.secret+'\"]'),c=new RegExp(\"^https?:$\",\"i\"),i=0;i<o.length;i++)o[i].style.display=\"none\";for(i=0;i<a.length;i++)s=a[i],e.source===s.contentWindow&&(s.removeAttribute(\"style\"),\"height\"===t.message?(1e3<(r=parseInt(t.value,10))?r=1e3:~~r<200&&(r=200),s.height=r):\"link\"===t.message&&(r=new URL(s.getAttribute(\"src\")),n=new URL(t.value),c.test(n.protocol))&&n.host===r.host&&l.activeElement===s&&(d.top.location.href=t.value))}},d.addEventListener(\"message\",d.wp.receiveEmbedMessage,!1),l.addEventListener(\"DOMContentLoaded\",function(){for(var e,t,s=l.querySelectorAll(\"iframe.wp-embedded-content\"),r=0;r<s.length;r++)(t=(e=s[r]).getAttribute(\"data-secret\"))||(t=Math.random().toString(36).substring(2,12),e.src+=\"#?secret=\"+t,e.setAttribute(\"data-secret\",t)),e.contentWindow.postMessage({message:\"ready\",secret:t},\"*\")},!1)))}(window,document);\n\/\/# sourceURL=https:\/\/insightevents.se\/gatubelysningsforum\/wp-includes\/js\/wp-embed.min.js\n\/* ]]> *\/\n<\/script>\n","thumbnail_url":"https:\/\/insightevents.se\/gatubelysningsforum\/wp-content\/uploads\/sites\/4\/2022\/05\/nyhetsbild2.png","thumbnail_width":400,"thumbnail_height":400,"description":"Vi \u00e4r glada att h\u00e4lsa Anna Waernborg v\u00e4lkommen igen som moderator p\u00e5 \u00e5rets konferens. Anna \u00e4r en av Sveriges fr\u00e4msta och ledande ljusdesigners och kommer guida oss genom dagarna p\u00e5 Gatubelysningsforum 2022. Hon arbetar b\u00e5de med uppdrag i tidiga skeden som omfattar program, strategier och ljus ur ett stadsbyggnadsperspektiv, men ocks\u00e5 med konkreta ljusplanerings- och [&hellip;]"}

Vi är glada att hälsa Anna Waernborg välkommen igen som moderator på årets konferens. Anna är en av Sveriges främsta och ledande ljusdesigners och kommer guida oss genom dagarna på Gatubelysningsforum 2022. Hon arbetar både med uppdrag i tidiga skeden som omfattar program, strategier och ljus ur ett stadsbyggnadsperspektiv, men också med konkreta ljusplanerings- och [&hellip;]
