{"id":719,"date":"2020-02-13T10:13:23","date_gmt":"2020-02-13T10:13:23","guid":{"rendered":"https:\/\/insightevents.se\/gatubelysningsforum\/?page_id=719"},"modified":"2026-04-15T11:19:24","modified_gmt":"2026-04-15T11:19:24","slug":"praktisk-info","status":"publish","type":"page","link":"https:\/\/insightevents.se\/gatubelysningsforum\/praktisk-info\/","title":{"rendered":"Praktisk info"},"content":{"rendered":"<div class=\"wpb-content-wrapper\"><p>[vc_section][vc_row equal_height=&#8221;yes&#8221; content_placement=&#8221;middle&#8221;][vc_column width=&#8221;1\/2&#8243; css=&#8221;.vc_custom_1716297562416{background-image: url(https:\/\/insightevents.se\/gatubelysningsforum\/wp-content\/uploads\/sites\/4\/2024\/05\/pexels-arunodhai-672082-1.jpg?id=4912) !important;background-position: center !important;background-repeat: no-repeat !important;background-size: cover !important;}&#8221;][\/vc_column][vc_column width=&#8221;1\/2&#8243;]<div class=\"wpb_content_element \"><style type=\"text\/css\">#ut_header_69f9ff281136d h2.section-title { font-size:40px !important; }<\/style><header id=\"ut_header_69f9ff281136d\" class=\"section-header  ut-no-title-linebreak-mobile ut-no-lead-linebreak-mobile pt-style-2 header-left header-tablet-left header-mobile-center\"><h2 data-title=\"PRAKTISK INFORMATION\"  data-responsive-font=\"section_title\" data-responsive-font-settings=\"{&quot;base-font-size&quot;:&quot;40&quot;,&quot;font-size-unit&quot;:&quot;px&quot;,&quot;font-size&quot;:{&quot;desktop_large&quot;:&quot;40&quot;},&quot;base-line-height&quot;:&quot;global&quot;,&quot;base-letter-spacing&quot;:&quot;global&quot;}\" class=\"section-title  \"><span>PRAKTISK INFORMATION<\/span><\/h2><\/header><\/div>[vc_column_text]<\/p>\n<h2>Datum<\/h2>\n<p>15-16 september 2026<\/p>\n<h2>Lokal<\/h2>\n<div class=\"place-desc-large\">\n<div class=\"place-name\">\n<p><strong>M\u00fcnchenbryggeriet Event &amp; Konferens<\/strong><br \/>\nS\u00f6der M\u00e4larstrand 29, plan 7<\/p>\n<p><strong>Sal:<\/strong> M\u00e4larsalen<\/p>\n<\/div>\n<\/div>\n<p>[\/vc_column_text][vc_column_text css=&#8221;.vc_custom_1776251947368{padding-top: 15px !important;padding-right: 15px !important;padding-bottom: 15px !important;padding-left: 15px !important;background-image: url(https:\/\/insightevents.se\/gatubelysningsforum\/wp-content\/uploads\/sites\/4\/2024\/05\/nyhetsbild4blurr.png?id=4875) !important;background-position: center !important;background-repeat: no-repeat !important;background-size: cover !important;}&#8221;]<\/p>\n<div class=\"place-desc-large\">\n<div class=\"place-name\">\n<h2><span style=\"color: #ffffff;\">Priser<\/span><\/h2>\n\n<table id=\"tablepress-6\" class=\"tablepress tablepress-id-6\">\n<tbody>\n<tr class=\"row-1\">\n\t<td class=\"column-1\"><strong>PRISLISTA <\/strong>(priserna \u00e4r exkl.moms)<\/td><td class=\"column-2\"><strong>Boka t.o.m 31\/5<\/strong><\/td><td class=\"column-3\"><strong>Boka t.o.m 28\/8<\/strong><\/td><td class=\"column-4\"><strong>Boka fr.o.m 29\/8<\/strong><\/td>\n<\/tr>\n<tr class=\"row-2\">\n\t<td class=\"column-1\">Konferens<\/td><td class=\"column-2\">4.590 kr<\/td><td class=\"column-3\">5.990 kr<\/td><td class=\"column-4\">7.990 kr<\/td>\n<\/tr>\n<tr class=\"row-3\">\n\t<td class=\"column-1\">Konferens, belysningsleverant\u00f6rer<\/td><td class=\"column-2\">9.990 kr<\/td><td class=\"column-3\">12.990 kr<\/td><td class=\"column-4\">15.990 kr<\/td>\n<\/tr>\n<tr class=\"row-4\">\n\t<td class=\"column-1\">Middag <\/td><td class=\"column-2\">950 kr<\/td><td class=\"column-3\">950 kr<\/td><td class=\"column-4\">950 kr<\/td>\n<\/tr>\n<\/tbody>\n<\/table>\n\n<\/div>\n<\/div>\n<p>[\/vc_column_text][vc_column_text]<\/p>\n<div class=\"place-desc-large\">\n<div class=\"place-name\">\n<h2>Dokumentation<\/h2>\n<p>M\u00e5nga av v\u00e5ra f\u00f6redragsh\u00e5llare uppdaterar sina anf\u00f6randen i sista stund. F\u00f6r att kunna erbjuda en uppdaterad och korrekt version har vi d\u00e4rf\u00f6r valt att tillhandah\u00e5lla dokumentationerna elektroniskt. I anslutning till konferensen f\u00e5r du, via l\u00f6senord, tillg\u00e5ng till dokumentationen via webbl\u00e4nk. Vid problem med nedladdning v\u00e4nligen kontakta Kundtj\u00e4nst, tfn: 08-587 662 00. Vill du anteckna i dokumentationen rekommenderar vi att du skriver ut och tar med dig den till konferensen.<\/p>\n<h2>Bokning av hotell<\/h2>\n<p>I samband med konferensen har du m\u00f6jlighet att boka \u00f6vernattning p\u00e5 utvalda hotell i Stockholm till ett rabatterat pris. <strong>Gl\u00f6m inte att uppge avtalskoden<\/strong>.<\/p>\n<p><a href=\"https:\/\/insightevents.se\/bokning-av-hotell\/\" target=\"_blank\" rel=\"noopener noreferrer\">Se listan \u00f6ver v\u00e5ra hotell-partners h\u00e4r!<\/a><\/p>\n<h2>Anm\u00e4lningsvillkor<\/h2>\n<p><a href=\"https:\/\/insightevents.se\/regler-och-villkor\/\" target=\"_blank\" rel=\"noopener noreferrer\">V\u00e5ra anm\u00e4lningsvillkor hittar du h\u00e4r.<\/a><\/p>\n<h2>Foto\/film<\/h2>\n<p>I syfte att dokumentera och kommunicera konferensen, f\u00f6rekommer det att vi fotograferar eller filmar eventet. Det inneb\u00e4r att deltagare kan f\u00f6rekomma p\u00e5 bilderna \u00e4ven om fokus \u00e4r p\u00e5 arrangemanget i stort.<\/p>\n<h2>Kontakt<\/h2>\n<p><strong>Sara Adolfsson, <\/strong>projektledare<br \/>\n+46 8 587 662 61 | <a href=\"mailto:sara.adolfsson@insightevents.se\">sara.adolfsson@insightevents.se<\/a><\/p>\n<p><strong>Roland Behrendt, <\/strong>utst\u00e4llning\/sponsorskap<br \/>\n+46 70 862 73 80 | <a href=\"mailto:roland.behrendt@insightevents.se\">roland.behrendt@insightevents.se<\/a><\/p>\n<\/div>\n<\/div>\n<p>[\/vc_column_text][\/vc_column][\/vc_row][vc_row][vc_column][vc_column_text]<iframe loading=\"lazy\" style=\"border: 0;\" src=\"https:\/\/www.google.com\/maps\/embed?pb=!1m18!1m12!1m3!1d2035.7368086061942!2d18.05134907697287!3d59.32065171171553!2m3!1f0!2f0!3f0!3m2!1i1024!2i768!4f13.1!3m3!1m2!1s0x465f77e76ecf629f%3A0x901aa6c39c45eb7a!2sS%C3%B6der%20M%C3%A4larstrand%2029%2C%20118%2025%20Stockholm!5e0!3m2!1sen!2sse!4v1758118025803!5m2!1sen!2sse\" width=\"1200\" height=\"450\" allowfullscreen=\"allowfullscreen\"><\/iframe>[\/vc_column_text][\/vc_column][\/vc_row][\/vc_section]<\/p>\n<\/div>","protected":false},"excerpt":{"rendered":"<p>[vc_section][vc_row equal_height=&#8221;yes&#8221; content_placement=&#8221;middle&#8221;][vc_column width=&#8221;1\/2&#8243; css=&#8221;.vc_custom_1716297562416{background-image: url(https:\/\/insightevents.se\/gatubelysningsforum\/wp-content\/uploads\/sites\/4\/2024\/05\/pexels-arunodhai-672082-1.jpg?id=4912) !important;background-position: center !important;background-repeat: no-repeat !important;background-size: cover !important;}&#8221;][\/vc_column][vc_column width=&#8221;1\/2&#8243;][vc_column_text] Datum 15-16 september 2026 Lokal M\u00fcnchenbryggeriet Event &amp; Konferens S\u00f6der M\u00e4larstrand 29, plan 7 Sal: M\u00e4larsalen [\/vc_column_text][vc_column_text css=&#8221;.vc_custom_1776251947368{padding-top: 15px !important;padding-right: 15px !important;padding-bottom: 15px !important;padding-left: 15px !important;background-image: url(https:\/\/insightevents.se\/gatubelysningsforum\/wp-content\/uploads\/sites\/4\/2024\/05\/nyhetsbild4blurr.png?id=4875) !important;background-position: center !important;background-repeat: no-repeat !important;background-size: cover !important;}&#8221;] Priser [\/vc_column_text][vc_column_text] Dokumentation M\u00e5nga av v\u00e5ra f\u00f6redragsh\u00e5llare [&hellip;]<\/p>\n","protected":false},"author":1,"featured_media":0,"parent":0,"menu_order":0,"comment_status":"closed","ping_status":"closed","template":"","meta":{"_acf_changed":false,"footnotes":""},"class_list":["post-719","page","type-page","status-publish","hentry"],"acf":[],"yoast_head":"<!-- This site is optimized with the Yoast SEO plugin v27.3 - https:\/\/yoast.com\/product\/yoast-seo-wordpress\/ -->\n<title>Praktisk info - Gatubelysningsforum<\/title>\n<meta name=\"robots\" content=\"index, follow, max-snippet:-1, max-image-preview:large, max-video-preview:-1\" \/>\n<link rel=\"canonical\" href=\"https:\/\/insightevents.se\/gatubelysningsforum\/praktisk-info\/\" \/>\n<meta property=\"og:locale\" content=\"sv_SE\" \/>\n<meta property=\"og:type\" content=\"article\" \/>\n<meta property=\"og:title\" content=\"Praktisk info - Gatubelysningsforum\" \/>\n<meta property=\"og:description\" content=\"[vc_section][vc_row equal_height=&#8221;yes&#8221; content_placement=&#8221;middle&#8221;][vc_column width=&#8221;1\/2&#8243; css=&#8221;.vc_custom_1716297562416{background-image: url(https:\/\/insightevents.se\/gatubelysningsforum\/wp-content\/uploads\/sites\/4\/2024\/05\/pexels-arunodhai-672082-1.jpg?id=4912) !important;background-position: center !important;background-repeat: no-repeat !important;background-size: cover !important;}&#8221;][\/vc_column][vc_column width=&#8221;1\/2&#8243;][vc_column_text] Datum 15-16 september 2026 Lokal M\u00fcnchenbryggeriet Event &amp; Konferens S\u00f6der M\u00e4larstrand 29, plan 7 Sal: M\u00e4larsalen [\/vc_column_text][vc_column_text css=&#8221;.vc_custom_1776251947368{padding-top: 15px !important;padding-right: 15px !important;padding-bottom: 15px !important;padding-left: 15px !important;background-image: url(https:\/\/insightevents.se\/gatubelysningsforum\/wp-content\/uploads\/sites\/4\/2024\/05\/nyhetsbild4blurr.png?id=4875) !important;background-position: center !important;background-repeat: no-repeat !important;background-size: cover !important;}&#8221;] Priser [\/vc_column_text][vc_column_text] Dokumentation M\u00e5nga av v\u00e5ra f\u00f6redragsh\u00e5llare [&hellip;]\" \/>\n<meta property=\"og:url\" content=\"https:\/\/insightevents.se\/gatubelysningsforum\/praktisk-info\/\" \/>\n<meta property=\"og:site_name\" content=\"Gatubelysningsforum\" \/>\n<meta property=\"article:modified_time\" content=\"2026-04-15T11:19:24+00:00\" \/>\n<meta name=\"twitter:card\" content=\"summary_large_image\" \/>\n<meta name=\"twitter:label1\" content=\"Ber\u00e4knad l\u00e4stid\" \/>\n\t<meta name=\"twitter:data1\" content=\"2 minuter\" \/>\n<script type=\"application\/ld+json\" class=\"yoast-schema-graph\">{\"@context\":\"https:\\\/\\\/schema.org\",\"@graph\":[{\"@type\":\"WebPage\",\"@id\":\"https:\\\/\\\/insightevents.se\\\/gatubelysningsforum\\\/praktisk-info\\\/\",\"url\":\"https:\\\/\\\/insightevents.se\\\/gatubelysningsforum\\\/praktisk-info\\\/\",\"name\":\"Praktisk info - Gatubelysningsforum\",\"isPartOf\":{\"@id\":\"https:\\\/\\\/insightevents.se\\\/gatubelysningsforum\\\/#website\"},\"datePublished\":\"2020-02-13T10:13:23+00:00\",\"dateModified\":\"2026-04-15T11:19:24+00:00\",\"breadcrumb\":{\"@id\":\"https:\\\/\\\/insightevents.se\\\/gatubelysningsforum\\\/praktisk-info\\\/#breadcrumb\"},\"inLanguage\":\"sv-SE\",\"potentialAction\":[{\"@type\":\"ReadAction\",\"target\":[\"https:\\\/\\\/insightevents.se\\\/gatubelysningsforum\\\/praktisk-info\\\/\"]}]},{\"@type\":\"BreadcrumbList\",\"@id\":\"https:\\\/\\\/insightevents.se\\\/gatubelysningsforum\\\/praktisk-info\\\/#breadcrumb\",\"itemListElement\":[{\"@type\":\"ListItem\",\"position\":1,\"name\":\"Home\",\"item\":\"https:\\\/\\\/insightevents.se\\\/gatubelysningsforum\\\/\"},{\"@type\":\"ListItem\",\"position\":2,\"name\":\"Praktisk info\"}]},{\"@type\":\"WebSite\",\"@id\":\"https:\\\/\\\/insightevents.se\\\/gatubelysningsforum\\\/#website\",\"url\":\"https:\\\/\\\/insightevents.se\\\/gatubelysningsforum\\\/\",\"name\":\"Gatubelysningsforum\",\"description\":\"Konferens 8-9 september 2016\",\"potentialAction\":[{\"@type\":\"SearchAction\",\"target\":{\"@type\":\"EntryPoint\",\"urlTemplate\":\"https:\\\/\\\/insightevents.se\\\/gatubelysningsforum\\\/?s={search_term_string}\"},\"query-input\":{\"@type\":\"PropertyValueSpecification\",\"valueRequired\":true,\"valueName\":\"search_term_string\"}}],\"inLanguage\":\"sv-SE\"}]}<\/script>\n<!-- \/ Yoast SEO plugin. -->","yoast_head_json":{"title":"Praktisk info - Gatubelysningsforum","robots":{"index":"index","follow":"follow","max-snippet":"max-snippet:-1","max-image-preview":"max-image-preview:large","max-video-preview":"max-video-preview:-1"},"canonical":"https:\/\/insightevents.se\/gatubelysningsforum\/praktisk-info\/","og_locale":"sv_SE","og_type":"article","og_title":"Praktisk info - Gatubelysningsforum","og_description":"[vc_section][vc_row equal_height=&#8221;yes&#8221; content_placement=&#8221;middle&#8221;][vc_column width=&#8221;1\/2&#8243; css=&#8221;.vc_custom_1716297562416{background-image: url(https:\/\/insightevents.se\/gatubelysningsforum\/wp-content\/uploads\/sites\/4\/2024\/05\/pexels-arunodhai-672082-1.jpg?id=4912) !important;background-position: center !important;background-repeat: no-repeat !important;background-size: cover !important;}&#8221;][\/vc_column][vc_column width=&#8221;1\/2&#8243;][vc_column_text] Datum 15-16 september 2026 Lokal M\u00fcnchenbryggeriet Event &amp; Konferens S\u00f6der M\u00e4larstrand 29, plan 7 Sal: M\u00e4larsalen [\/vc_column_text][vc_column_text css=&#8221;.vc_custom_1776251947368{padding-top: 15px !important;padding-right: 15px !important;padding-bottom: 15px !important;padding-left: 15px !important;background-image: url(https:\/\/insightevents.se\/gatubelysningsforum\/wp-content\/uploads\/sites\/4\/2024\/05\/nyhetsbild4blurr.png?id=4875) !important;background-position: center !important;background-repeat: no-repeat !important;background-size: cover !important;}&#8221;] Priser [\/vc_column_text][vc_column_text] Dokumentation M\u00e5nga av v\u00e5ra f\u00f6redragsh\u00e5llare [&hellip;]","og_url":"https:\/\/insightevents.se\/gatubelysningsforum\/praktisk-info\/","og_site_name":"Gatubelysningsforum","article_modified_time":"2026-04-15T11:19:24+00:00","twitter_card":"summary_large_image","twitter_misc":{"Ber\u00e4knad l\u00e4stid":"2 minuter"},"schema":{"@context":"https:\/\/schema.org","@graph":[{"@type":"WebPage","@id":"https:\/\/insightevents.se\/gatubelysningsforum\/praktisk-info\/","url":"https:\/\/insightevents.se\/gatubelysningsforum\/praktisk-info\/","name":"Praktisk info - Gatubelysningsforum","isPartOf":{"@id":"https:\/\/insightevents.se\/gatubelysningsforum\/#website"},"datePublished":"2020-02-13T10:13:23+00:00","dateModified":"2026-04-15T11:19:24+00:00","breadcrumb":{"@id":"https:\/\/insightevents.se\/gatubelysningsforum\/praktisk-info\/#breadcrumb"},"inLanguage":"sv-SE","potentialAction":[{"@type":"ReadAction","target":["https:\/\/insightevents.se\/gatubelysningsforum\/praktisk-info\/"]}]},{"@type":"BreadcrumbList","@id":"https:\/\/insightevents.se\/gatubelysningsforum\/praktisk-info\/#breadcrumb","itemListElement":[{"@type":"ListItem","position":1,"name":"Home","item":"https:\/\/insightevents.se\/gatubelysningsforum\/"},{"@type":"ListItem","position":2,"name":"Praktisk info"}]},{"@type":"WebSite","@id":"https:\/\/insightevents.se\/gatubelysningsforum\/#website","url":"https:\/\/insightevents.se\/gatubelysningsforum\/","name":"Gatubelysningsforum","description":"Konferens 8-9 september 2016","potentialAction":[{"@type":"SearchAction","target":{"@type":"EntryPoint","urlTemplate":"https:\/\/insightevents.se\/gatubelysningsforum\/?s={search_term_string}"},"query-input":{"@type":"PropertyValueSpecification","valueRequired":true,"valueName":"search_term_string"}}],"inLanguage":"sv-SE"}]}},"_links":{"self":[{"href":"https:\/\/insightevents.se\/gatubelysningsforum\/wp-json\/wp\/v2\/pages\/719","targetHints":{"allow":["GET"]}}],"collection":[{"href":"https:\/\/insightevents.se\/gatubelysningsforum\/wp-json\/wp\/v2\/pages"}],"about":[{"href":"https:\/\/insightevents.se\/gatubelysningsforum\/wp-json\/wp\/v2\/types\/page"}],"author":[{"embeddable":true,"href":"https:\/\/insightevents.se\/gatubelysningsforum\/wp-json\/wp\/v2\/users\/1"}],"replies":[{"embeddable":true,"href":"https:\/\/insightevents.se\/gatubelysningsforum\/wp-json\/wp\/v2\/comments?post=719"}],"version-history":[{"count":37,"href":"https:\/\/insightevents.se\/gatubelysningsforum\/wp-json\/wp\/v2\/pages\/719\/revisions"}],"predecessor-version":[{"id":5549,"href":"https:\/\/insightevents.se\/gatubelysningsforum\/wp-json\/wp\/v2\/pages\/719\/revisions\/5549"}],"wp:attachment":[{"href":"https:\/\/insightevents.se\/gatubelysningsforum\/wp-json\/wp\/v2\/media?parent=719"}],"curies":[{"name":"wp","href":"https:\/\/api.w.org\/{rel}","templated":true}]}}