{"id":8,"date":"2016-04-22T13:18:43","date_gmt":"2016-04-22T13:18:43","guid":{"rendered":"https:\/\/insightevents.se\/gatubelysningsforum\/?page_id=8"},"modified":"2026-04-15T13:09:26","modified_gmt":"2026-04-15T13:09:26","slug":"program","status":"publish","type":"page","link":"https:\/\/insightevents.se\/gatubelysningsforum\/program\/","title":{"rendered":"Program"},"content":{"rendered":"<div class=\"wpb-content-wrapper\"><p>[vc_row css=&#8221;.vc_custom_1716295502344{padding-top: 40px !important;}&#8221;][vc_column]<div class=\"wpb_content_element \"><style type=\"text\/css\">#ut_header_69f41aee6addd h2.section-title { font-size:30px !important; }<\/style><header id=\"ut_header_69f41aee6addd\" class=\"section-header  ut-no-title-linebreak-mobile ut-no-lead-linebreak-mobile pt-style-2 header-left header-tablet-left header-mobile-center\"><h2 data-title=\"PROGRAM\"  data-responsive-font=\"section_title\" data-responsive-font-settings=\"{&quot;base-font-size&quot;:&quot;global&quot;,&quot;font-size&quot;:{&quot;desktop_large&quot;:&quot;30&quot;},&quot;base-line-height&quot;:&quot;global&quot;,&quot;base-letter-spacing&quot;:&quot;global&quot;}\" class=\"section-title  \"><span>PROGRAM<\/span><\/h2><div data-delay=\"0\" class=\"lead \"><p>2026<\/p>\n<\/div><\/header><\/div>[vc_raw_html]JTNDJTIxRE9DVFlQRSUyMGh0bWwlM0UlMEElM0NodG1sJTIwbGFuZyUzRCUyMnN2JTIyJTNFJTBBJTNDaGVhZCUzRSUwQSUyMCUyMCUzQ21ldGElMjBjaGFyc2V0JTNEJTIyVVRGLTglMjIlM0UlMEElMjAlMjAlM0N0aXRsZSUzRVNjaGVtYSUzQyUyRnRpdGxlJTNFJTBBJTIwJTIwJTNDc3R5bGUlM0UlMEElMjAlMjAlMjAlMjAlMkYlMkElMjBHcnVuZGwlQzMlQTRnZ2FuZGUlMjBzdHlsaW5nJTIwJTJBJTJGJTBBJTIwJTIwJTIwJTIwLmJ1dHRvbi1jb250YWluZXIlMjAlN0IlMEElMjAlMjAlMjAlMjAlMjAlMjBtYXJnaW4tYm90dG9tJTNBJTIwMjBweCUzQiUwQSUyMCUyMCUyMCUyMCU3RCUwQSUwQSUyMCUyMCUyMCUyMGJ1dHRvbiUyMCU3QiUwQSUyMCUyMCUyMCUyMCUyMCUyMHBhZGRpbmclM0ElMjAxMHB4JTIwMjBweCUzQiUwQSUyMCUyMCUyMCUyMCUyMCUyMG1hcmdpbi1yaWdodCUzQSUyMDEwcHglM0IlMEElMjAlMjAlMjAlMjAlMjAlMjBmb250LXNpemUlM0ElMjAxNnB4JTNCJTBBJTIwJTIwJTIwJTIwJTIwJTIwY3Vyc29yJTNBJTIwcG9pbnRlciUzQiUwQSUyMCUyMCUyMCUyMCU3RCUwQSUwQSUyMCUyMCUyMCUyMC5jb250ZW50JTIwJTdCJTBBJTIwJTIwJTIwJTIwJTIwJTIwZGlzcGxheSUzQSUyMG5vbmUlM0IlMEElMjAlMjAlMjAlMjAlN0QlMEElMEElMjAlMjAlMjAlMjAuY29udGVudC5hY3RpdmUlMjAlN0IlMEElMjAlMjAlMjAlMjAlMjAlMjBkaXNwbGF5JTNBJTIwYmxvY2slM0IlMEElMjAlMjAlMjAlMjAlN0QlMEElMjAlMjAlM0MlMkZzdHlsZSUzRSUwQSUzQyUyRmhlYWQlM0UlMEElM0Nib2R5JTNFJTBBJTBBJTIwJTIwJTNDZGl2JTIwY2xhc3MlM0QlMjJidXR0b24tY29udGFpbmVyJTIyJTNFJTBBJTIwJTIwJTIwJTIwJTNDYnV0dG9uJTIwb25jbGljayUzRCUyMnNob3dEYXklMjglMjdkYXkxJTI3JTI5JTIyJTNFREFHJTIwMSUyMC0lMjAxNSUyMFNFUFQlM0MlMkZidXR0b24lM0UlMEElMjAlMjAlMjAlMjAlM0NidXR0b24lMjBvbmNsaWNrJTNEJTIyc2hvd0RheSUyOCUyN2RheTIlMjclMjklMjIlM0VEQUclMjAyJTIwLSUyMDE2JTIwU0VQVCUzQyUyRmJ1dHRvbiUzRSUwQSUyMCUyMCUzQyUyRmRpdiUzRSUwQSUwQSUyMCUyMCUzQ2RpdiUyMGlkJTNEJTIyZGF5MSUyMiUyMGNsYXNzJTNEJTIyY29udGVudCUyMGFjdGl2ZSUyMiUzRSUwQSUyMCUyMCUyMCUyMCUzQyUyMS0tJTIwRXJzJUMzJUE0dHQlMjBrb3J0a29kZW4lMjBtZWQlMjBkaW4lMjByaWt0aWdhJTIwdGFiZWxsJTIwLS0lM0UlMEElMjAlMjAlMjAlMjAlNUJ0YWJsZSUyMGlkJTNENCUyMCUyRiU1RCUwQSUyMCUyMCUzQyUyRmRpdiUzRSUwQSUwQSUyMCUyMCUzQ2RpdiUyMGlkJTNEJTIyZGF5MiUyMiUyMGNsYXNzJTNEJTIyY29udGVudCUyMiUzRSUwQSUyMCUyMCUyMCUyMCUzQyUyMS0tJTIwRXJzJUMzJUE0dHQlMjBrb3J0a29kZW4lMjBtZWQlMjBkaW4lMjByaWt0aWdhJTIwdGFiZWxsJTIwLS0lM0UlMEElMjAlMjAlMjAlMjAlNUJ0YWJsZSUyMGlkJTNENSUyMCUyRiU1RCUwQSUyMCUyMCUzQyUyRmRpdiUzRSUwQSUwQSUyMCUyMCUzQ3NjcmlwdCUzRSUwQSUyMCUyMCUyMCUyMGZ1bmN0aW9uJTIwc2hvd0RheSUyOGRheUlkJTI5JTIwJTdCJTBBJTIwJTIwJTIwJTIwJTIwJTIwJTJGJTJGJTIwRCVDMyVCNmxqJTIwYWxsYSUyMGRhZ2FyJTBBJTIwJTIwJTIwJTIwJTIwJTIwdmFyJTIwY29udGVudHMlMjAlM0QlMjBkb2N1bWVudC5xdWVyeVNlbGVjdG9yQWxsJTI4JTI3LmNvbnRlbnQlMjclMjklM0IlMEElMjAlMjAlMjAlMjAlMjAlMjBjb250ZW50cy5mb3JFYWNoJTI4ZnVuY3Rpb24lMjhlbCUyOSUyMCU3QiUwQSUyMCUyMCUyMCUyMCUyMCUyMCUyMCUyMGVsLmNsYXNzTGlzdC5yZW1vdmUlMjglMjdhY3RpdmUlMjclMjklM0IlMEElMjAlMjAlMjAlMjAlMjAlMjAlN0QlMjklM0IlMEElMEElMjAlMjAlMjAlMjAlMjAlMjAlMkYlMkYlMjBWaXNhJTIwdmFsZCUyMGRhZyUwQSUyMCUyMCUyMCUyMCUyMCUyMGRvY3VtZW50LmdldEVsZW1lbnRCeUlkJTI4ZGF5SWQlMjkuY2xhc3NMaXN0LmFkZCUyOCUyN2FjdGl2ZSUyNyUyOSUzQiUwQSUyMCUyMCUyMCUyMCU3RCUwQSUyMCUyMCUzQyUyRnNjcmlwdCUzRSUwQSUwQSUzQyUyRmJvZHklM0UlMEElM0MlMkZodG1sJTNF[\/vc_raw_html][\/vc_column][\/vc_row][vc_row disable_element=&#8221;yes&#8221;][vc_column]<style type=\"text\/css\">#bklyn_btn_69f41aee6ca1b .bklyn-btn { color:#ffffff !important; background-color:#000000 !important; }#bklyn_btn_69f41aee6ca1b .bklyn-btn:hover{ color:#e2e2e2 !important; }#bklyn_btn_69f41aee6ca1b .bklyn-btn:focus{ color:#e2e2e2 !important; }#bklyn_btn_69f41aee6ca1b .bklyn-btn:active { color:#e2e2e2 !important; }<\/style><div id=\"bklyn_btn_69f41aee6ca1b\" class=\"bklyn-btn-holder  bklyn-btn-left bklyn-btn-tablet-left bklyn-btn-mobile-center\"><a title=\"\"   href=\"https:\/\/insightevents.se\/gatubelysningsforum\/broschyr\/\" target=\"_self\" class=\"bklyn-btn  bklyn-btn-shadow bklyn-btn-normal\" ><span class=\"ut-btn-text\">H\u00c4MTA BROSCHYREN<\/span><\/a><\/div>[\/vc_column][\/vc_row]<\/p>\n<\/div>","protected":false},"excerpt":{"rendered":"<p>[vc_row css=&#8221;.vc_custom_1716295502344{padding-top: 40px !important;}&#8221;][vc_column][vc_raw_html]JTNDJTIxRE9DVFlQRSUyMGh0bWwlM0UlMEElM0NodG1sJTIwbGFuZyUzRCUyMnN2JTIyJTNFJTBBJTNDaGVhZCUzRSUwQSUyMCUyMCUzQ21ldGElMjBjaGFyc2V0JTNEJTIyVVRGLTglMjIlM0UlMEElMjAlMjAlM0N0aXRsZSUzRVNjaGVtYSUzQyUyRnRpdGxlJTNFJTBBJTIwJTIwJTNDc3R5bGUlM0UlMEElMjAlMjAlMjAlMjAlMkYlMkElMjBHcnVuZGwlQzMlQTRnZ2FuZGUlMjBzdHlsaW5nJTIwJTJBJTJGJTBBJTIwJTIwJTIwJTIwLmJ1dHRvbi1jb250YWluZXIlMjAlN0IlMEElMjAlMjAlMjAlMjAlMjAlMjBtYXJnaW4tYm90dG9tJTNBJTIwMjBweCUzQiUwQSUyMCUyMCUyMCUyMCU3RCUwQSUwQSUyMCUyMCUyMCUyMGJ1dHRvbiUyMCU3QiUwQSUyMCUyMCUyMCUyMCUyMCUyMHBhZGRpbmclM0ElMjAxMHB4JTIwMjBweCUzQiUwQSUyMCUyMCUyMCUyMCUyMCUyMG1hcmdpbi1yaWdodCUzQSUyMDEwcHglM0IlMEElMjAlMjAlMjAlMjAlMjAlMjBmb250LXNpemUlM0ElMjAxNnB4JTNCJTBBJTIwJTIwJTIwJTIwJTIwJTIwY3Vyc29yJTNBJTIwcG9pbnRlciUzQiUwQSUyMCUyMCUyMCUyMCU3RCUwQSUwQSUyMCUyMCUyMCUyMC5jb250ZW50JTIwJTdCJTBBJTIwJTIwJTIwJTIwJTIwJTIwZGlzcGxheSUzQSUyMG5vbmUlM0IlMEElMjAlMjAlMjAlMjAlN0QlMEElMEElMjAlMjAlMjAlMjAuY29udGVudC5hY3RpdmUlMjAlN0IlMEElMjAlMjAlMjAlMjAlMjAlMjBkaXNwbGF5JTNBJTIwYmxvY2slM0IlMEElMjAlMjAlMjAlMjAlN0QlMEElMjAlMjAlM0MlMkZzdHlsZSUzRSUwQSUzQyUyRmhlYWQlM0UlMEElM0Nib2R5JTNFJTBBJTBBJTIwJTIwJTNDZGl2JTIwY2xhc3MlM0QlMjJidXR0b24tY29udGFpbmVyJTIyJTNFJTBBJTIwJTIwJTIwJTIwJTNDYnV0dG9uJTIwb25jbGljayUzRCUyMnNob3dEYXklMjglMjdkYXkxJTI3JTI5JTIyJTNFREFHJTIwMSUyMC0lMjAxNSUyMFNFUFQlM0MlMkZidXR0b24lM0UlMEElMjAlMjAlMjAlMjAlM0NidXR0b24lMjBvbmNsaWNrJTNEJTIyc2hvd0RheSUyOCUyN2RheTIlMjclMjklMjIlM0VEQUclMjAyJTIwLSUyMDE2JTIwU0VQVCUzQyUyRmJ1dHRvbiUzRSUwQSUyMCUyMCUzQyUyRmRpdiUzRSUwQSUwQSUyMCUyMCUzQ2RpdiUyMGlkJTNEJTIyZGF5MSUyMiUyMGNsYXNzJTNEJTIyY29udGVudCUyMGFjdGl2ZSUyMiUzRSUwQSUyMCUyMCUyMCUyMCUzQyUyMS0tJTIwRXJzJUMzJUE0dHQlMjBrb3J0a29kZW4lMjBtZWQlMjBkaW4lMjByaWt0aWdhJTIwdGFiZWxsJTIwLS0lM0UlMEElMjAlMjAlMjAlMjAlNUJ0YWJsZSUyMGlkJTNENCUyMCUyRiU1RCUwQSUyMCUyMCUzQyUyRmRpdiUzRSUwQSUwQSUyMCUyMCUzQ2RpdiUyMGlkJTNEJTIyZGF5MiUyMiUyMGNsYXNzJTNEJTIyY29udGVudCUyMiUzRSUwQSUyMCUyMCUyMCUyMCUzQyUyMS0tJTIwRXJzJUMzJUE0dHQlMjBrb3J0a29kZW4lMjBtZWQlMjBkaW4lMjByaWt0aWdhJTIwdGFiZWxsJTIwLS0lM0UlMEElMjAlMjAlMjAlMjAlNUJ0YWJsZSUyMGlkJTNENSUyMCUyRiU1RCUwQSUyMCUyMCUzQyUyRmRpdiUzRSUwQSUwQSUyMCUyMCUzQ3NjcmlwdCUzRSUwQSUyMCUyMCUyMCUyMGZ1bmN0aW9uJTIwc2hvd0RheSUyOGRheUlkJTI5JTIwJTdCJTBBJTIwJTIwJTIwJTIwJTIwJTIwJTJGJTJGJTIwRCVDMyVCNmxqJTIwYWxsYSUyMGRhZ2FyJTBBJTIwJTIwJTIwJTIwJTIwJTIwdmFyJTIwY29udGVudHMlMjAlM0QlMjBkb2N1bWVudC5xdWVyeVNlbGVjdG9yQWxsJTI4JTI3LmNvbnRlbnQlMjclMjklM0IlMEElMjAlMjAlMjAlMjAlMjAlMjBjb250ZW50cy5mb3JFYWNoJTI4ZnVuY3Rpb24lMjhlbCUyOSUyMCU3QiUwQSUyMCUyMCUyMCUyMCUyMCUyMCUyMCUyMGVsLmNsYXNzTGlzdC5yZW1vdmUlMjglMjdhY3RpdmUlMjclMjklM0IlMEElMjAlMjAlMjAlMjAlMjAlMjAlN0QlMjklM0IlMEElMEElMjAlMjAlMjAlMjAlMjAlMjAlMkYlMkYlMjBWaXNhJTIwdmFsZCUyMGRhZyUwQSUyMCUyMCUyMCUyMCUyMCUyMGRvY3VtZW50LmdldEVsZW1lbnRCeUlkJTI4ZGF5SWQlMjkuY2xhc3NMaXN0LmFkZCUyOCUyN2FjdGl2ZSUyNyUyOSUzQiUwQSUyMCUyMCUyMCUyMCU3RCUwQSUyMCUyMCUzQyUyRnNjcmlwdCUzRSUwQSUwQSUzQyUyRmJvZHklM0UlMEElM0MlMkZodG1sJTNF[\/vc_raw_html][\/vc_column][\/vc_row][vc_row disable_element=&#8221;yes&#8221;][vc_column][\/vc_column][\/vc_row]<\/p>\n","protected":false},"author":1,"featured_media":0,"parent":0,"menu_order":0,"comment_status":"closed","ping_status":"closed","template":"","meta":{"_acf_changed":false,"footnotes":""},"class_list":["post-8","page","type-page","status-publish","hentry"],"acf":[],"yoast_head":"<!-- This site is optimized with the Yoast SEO plugin v27.3 - https:\/\/yoast.com\/product\/yoast-seo-wordpress\/ -->\n<title>Program - Gatubelysningsforum<\/title>\n<meta name=\"description\" content=\"Program - P\u00e5 Gatubelysningsforum f\u00e5r du tips om vad du m\u00e5ste t\u00e4nka p\u00e5 n\u00e4r du ska v\u00e4lja belysningsl\u00f6sningar och hur du ska tackla ev. problemen\" \/>\n<meta name=\"robots\" content=\"index, follow, max-snippet:-1, max-image-preview:large, max-video-preview:-1\" \/>\n<link rel=\"canonical\" href=\"https:\/\/insightevents.se\/gatubelysningsforum\/program\/\" \/>\n<meta property=\"og:locale\" content=\"sv_SE\" \/>\n<meta property=\"og:type\" content=\"article\" \/>\n<meta property=\"og:title\" content=\"Program - Gatubelysningsforum\" \/>\n<meta property=\"og:description\" content=\"Program - P\u00e5 Gatubelysningsforum f\u00e5r du tips om vad du m\u00e5ste t\u00e4nka p\u00e5 n\u00e4r du ska v\u00e4lja belysningsl\u00f6sningar och hur du ska tackla ev. problemen\" \/>\n<meta property=\"og:url\" content=\"https:\/\/insightevents.se\/gatubelysningsforum\/program\/\" \/>\n<meta property=\"og:site_name\" content=\"Gatubelysningsforum\" \/>\n<meta property=\"article:modified_time\" content=\"2026-04-15T13:09:26+00:00\" \/>\n<meta name=\"twitter:card\" content=\"summary_large_image\" \/>\n<meta name=\"twitter:label1\" content=\"Ber\u00e4knad l\u00e4stid\" \/>\n\t<meta name=\"twitter:data1\" content=\"1 minut\" \/>\n<script type=\"application\/ld+json\" class=\"yoast-schema-graph\">{\"@context\":\"https:\\\/\\\/schema.org\",\"@graph\":[{\"@type\":\"WebPage\",\"@id\":\"https:\\\/\\\/insightevents.se\\\/gatubelysningsforum\\\/program\\\/\",\"url\":\"https:\\\/\\\/insightevents.se\\\/gatubelysningsforum\\\/program\\\/\",\"name\":\"Program - Gatubelysningsforum\",\"isPartOf\":{\"@id\":\"https:\\\/\\\/insightevents.se\\\/gatubelysningsforum\\\/#website\"},\"datePublished\":\"2016-04-22T13:18:43+00:00\",\"dateModified\":\"2026-04-15T13:09:26+00:00\",\"description\":\"Program - P\u00e5 Gatubelysningsforum f\u00e5r du tips om vad du m\u00e5ste t\u00e4nka p\u00e5 n\u00e4r du ska v\u00e4lja belysningsl\u00f6sningar och hur du ska tackla ev. problemen\",\"breadcrumb\":{\"@id\":\"https:\\\/\\\/insightevents.se\\\/gatubelysningsforum\\\/program\\\/#breadcrumb\"},\"inLanguage\":\"sv-SE\",\"potentialAction\":[{\"@type\":\"ReadAction\",\"target\":[\"https:\\\/\\\/insightevents.se\\\/gatubelysningsforum\\\/program\\\/\"]}]},{\"@type\":\"BreadcrumbList\",\"@id\":\"https:\\\/\\\/insightevents.se\\\/gatubelysningsforum\\\/program\\\/#breadcrumb\",\"itemListElement\":[{\"@type\":\"ListItem\",\"position\":1,\"name\":\"Home\",\"item\":\"https:\\\/\\\/insightevents.se\\\/gatubelysningsforum\\\/\"},{\"@type\":\"ListItem\",\"position\":2,\"name\":\"Program\"}]},{\"@type\":\"WebSite\",\"@id\":\"https:\\\/\\\/insightevents.se\\\/gatubelysningsforum\\\/#website\",\"url\":\"https:\\\/\\\/insightevents.se\\\/gatubelysningsforum\\\/\",\"name\":\"Gatubelysningsforum\",\"description\":\"Konferens 8-9 september 2016\",\"potentialAction\":[{\"@type\":\"SearchAction\",\"target\":{\"@type\":\"EntryPoint\",\"urlTemplate\":\"https:\\\/\\\/insightevents.se\\\/gatubelysningsforum\\\/?s={search_term_string}\"},\"query-input\":{\"@type\":\"PropertyValueSpecification\",\"valueRequired\":true,\"valueName\":\"search_term_string\"}}],\"inLanguage\":\"sv-SE\"}]}<\/script>\n<!-- \/ Yoast SEO plugin. -->","yoast_head_json":{"title":"Program - Gatubelysningsforum","description":"Program - P\u00e5 Gatubelysningsforum f\u00e5r du tips om vad du m\u00e5ste t\u00e4nka p\u00e5 n\u00e4r du ska v\u00e4lja belysningsl\u00f6sningar och hur du ska tackla ev. problemen","robots":{"index":"index","follow":"follow","max-snippet":"max-snippet:-1","max-image-preview":"max-image-preview:large","max-video-preview":"max-video-preview:-1"},"canonical":"https:\/\/insightevents.se\/gatubelysningsforum\/program\/","og_locale":"sv_SE","og_type":"article","og_title":"Program - Gatubelysningsforum","og_description":"Program - P\u00e5 Gatubelysningsforum f\u00e5r du tips om vad du m\u00e5ste t\u00e4nka p\u00e5 n\u00e4r du ska v\u00e4lja belysningsl\u00f6sningar och hur du ska tackla ev. problemen","og_url":"https:\/\/insightevents.se\/gatubelysningsforum\/program\/","og_site_name":"Gatubelysningsforum","article_modified_time":"2026-04-15T13:09:26+00:00","twitter_card":"summary_large_image","twitter_misc":{"Ber\u00e4knad l\u00e4stid":"1 minut"},"schema":{"@context":"https:\/\/schema.org","@graph":[{"@type":"WebPage","@id":"https:\/\/insightevents.se\/gatubelysningsforum\/program\/","url":"https:\/\/insightevents.se\/gatubelysningsforum\/program\/","name":"Program - Gatubelysningsforum","isPartOf":{"@id":"https:\/\/insightevents.se\/gatubelysningsforum\/#website"},"datePublished":"2016-04-22T13:18:43+00:00","dateModified":"2026-04-15T13:09:26+00:00","description":"Program - P\u00e5 Gatubelysningsforum f\u00e5r du tips om vad du m\u00e5ste t\u00e4nka p\u00e5 n\u00e4r du ska v\u00e4lja belysningsl\u00f6sningar och hur du ska tackla ev. problemen","breadcrumb":{"@id":"https:\/\/insightevents.se\/gatubelysningsforum\/program\/#breadcrumb"},"inLanguage":"sv-SE","potentialAction":[{"@type":"ReadAction","target":["https:\/\/insightevents.se\/gatubelysningsforum\/program\/"]}]},{"@type":"BreadcrumbList","@id":"https:\/\/insightevents.se\/gatubelysningsforum\/program\/#breadcrumb","itemListElement":[{"@type":"ListItem","position":1,"name":"Home","item":"https:\/\/insightevents.se\/gatubelysningsforum\/"},{"@type":"ListItem","position":2,"name":"Program"}]},{"@type":"WebSite","@id":"https:\/\/insightevents.se\/gatubelysningsforum\/#website","url":"https:\/\/insightevents.se\/gatubelysningsforum\/","name":"Gatubelysningsforum","description":"Konferens 8-9 september 2016","potentialAction":[{"@type":"SearchAction","target":{"@type":"EntryPoint","urlTemplate":"https:\/\/insightevents.se\/gatubelysningsforum\/?s={search_term_string}"},"query-input":{"@type":"PropertyValueSpecification","valueRequired":true,"valueName":"search_term_string"}}],"inLanguage":"sv-SE"}]}},"_links":{"self":[{"href":"https:\/\/insightevents.se\/gatubelysningsforum\/wp-json\/wp\/v2\/pages\/8","targetHints":{"allow":["GET"]}}],"collection":[{"href":"https:\/\/insightevents.se\/gatubelysningsforum\/wp-json\/wp\/v2\/pages"}],"about":[{"href":"https:\/\/insightevents.se\/gatubelysningsforum\/wp-json\/wp\/v2\/types\/page"}],"author":[{"embeddable":true,"href":"https:\/\/insightevents.se\/gatubelysningsforum\/wp-json\/wp\/v2\/users\/1"}],"replies":[{"embeddable":true,"href":"https:\/\/insightevents.se\/gatubelysningsforum\/wp-json\/wp\/v2\/comments?post=8"}],"version-history":[{"count":56,"href":"https:\/\/insightevents.se\/gatubelysningsforum\/wp-json\/wp\/v2\/pages\/8\/revisions"}],"predecessor-version":[{"id":5499,"href":"https:\/\/insightevents.se\/gatubelysningsforum\/wp-json\/wp\/v2\/pages\/8\/revisions\/5499"}],"wp:attachment":[{"href":"https:\/\/insightevents.se\/gatubelysningsforum\/wp-json\/wp\/v2\/media?parent=8"}],"curies":[{"name":"wp","href":"https:\/\/api.w.org\/{rel}","templated":true}]}}