{"id":276,"date":"2019-10-01T16:14:11","date_gmt":"2019-10-01T14:14:11","guid":{"rendered":"https:\/\/insightevents.se\/psykiatridagarna\/?page_id=276"},"modified":"2026-04-22T09:17:48","modified_gmt":"2026-04-22T07:17:48","slug":"praktisk-info","status":"publish","type":"page","link":"https:\/\/insightevents.se\/psykiatridagarna\/praktisk-info\/","title":{"rendered":"Praktisk info"},"content":{"rendered":"<div class=\"wpb-content-wrapper\"><p>[vc_row css=&#8221;.vc_custom_1569930237116{margin-top: 40px !important;}&#8221;][vc_column][vc_custom_heading text=&#8221;PRAKTISK INFORMATION&#8221; font_container=&#8221;tag:h1|text_align:center|color:%232b2b2b&#8221; google_fonts=&#8221;font_family:Roboto%3A100%2C100italic%2C300%2C300italic%2Cregular%2Citalic%2C500%2C500italic%2C700%2C700italic%2C900%2C900italic|font_style:700%20bold%20regular%3A700%3Anormal&#8221; css=&#8221;.vc_custom_1569939095009{padding-bottom: 20px !important;}&#8221;][vc_column_text]<\/p>\n<h2>Datum<\/h2>\n<p>19-20 maj 2026<\/p>\n<h2>Lokal<\/h2>\n<p>Kista Science Tower, F\u00e4r\u00f6gatan 33, Kista<\/p>\n<p><iframe loading=\"lazy\" style=\"border: 0;\" src=\"https:\/\/www.google.com\/maps\/embed?pb=!1m18!1m12!1m3!1d2030.8814915655012!2d17.941565294046693!3d59.401689639867854!2m3!1f0!2f0!3f0!3m2!1i1024!2i768!4f13.1!3m3!1m2!1s0x465f9ef2c9103c61%3A0x69e2c2c4942341c3!2sK-M%C3%A4rkt%20Kista%20Science%20Tower!5e0!3m2!1sen!2sse!4v1770815526668!5m2!1sen!2sse\" width=\"1200\" height=\"450\" allowfullscreen=\"allowfullscreen\"><span data-mce-type=\"bookmark\" style=\"display: inline-block; width: 0px; overflow: hidden; line-height: 0;\" class=\"mce_SELRES_start\">\ufeff<\/span><\/iframe><\/p>\n\n<table id=\"tablepress-14\" class=\"tablepress tablepress-id-14\">\n<thead>\n<tr class=\"row-1\">\n\t<th class=\"column-1\">Prislista (priserna \u00e4r exkl.moms)<\/th><th class=\"column-2\"><strong>Boka t.o.m 1\/5<\/strong><\/th><th class=\"column-3\"><strong>Boka fr.o.m 2\/5<\/strong><\/th>\n<\/tr>\n<\/thead>\n<tbody>\n<tr class=\"row-2\">\n\t<td class=\"column-1\">Konferens<\/td><td class=\"column-2\">6 990 kr<\/td><td class=\"column-3\">7 290 kr<\/td>\n<\/tr>\n<\/tbody>\n<\/table>\n\n<h2>Dokumentation<\/h2>\n<p>M\u00e5nga av v\u00e5ra f\u00f6redragsh\u00e5llare uppdaterar sina anf\u00f6randen i sista stund. F\u00f6r att kunna erbjuda en uppdaterad och korrekt version har vi d\u00e4rf\u00f6r valt att tillhandah\u00e5lla dokumentationerna elektroniskt. I anslutning till konferensen f\u00e5r du, via l\u00f6senord, tillg\u00e5ng till dokumentationen via webbl\u00e4nk. Vid problem med nedladdning v\u00e4nligen kontakta Kundtj\u00e4nst, tfn: 08-587 662 00. Vill du anteckna i dokumentationen rekommenderar vi att du skriver ut och tar med dig den till konferensen.<\/p>\n<h2>Bokning av hotell<\/h2>\n<p>I samband med konferensen har du m\u00f6jlighet att boka \u00f6vernattning p\u00e5 utvalda hotell i Stockholm till ett rabatterat pris. <strong>Gl\u00f6m inte att uppge avtalskoden<\/strong>.<\/p>\n<p><a href=\"https:\/\/insightevents.se\/bokning-av-hotell\/\" target=\"_blank\" rel=\"noopener noreferrer\">Se listan \u00f6ver v\u00e5ra hotell-partners h\u00e4r!<\/a><\/p>\n<h2>Anm\u00e4lningsvillkor<\/h2>\n<p><a href=\"https:\/\/insightevents.se\/regler-och-villkor\/\" target=\"_blank\" rel=\"noopener noreferrer\">V\u00e5ra anm\u00e4lningsvillkor hittar du h\u00e4r.<\/a><\/p>\n<h2>Foto\/film<\/h2>\n<p>I syfte att dokumentera och kommunicera konferensen, f\u00f6rekommer det att vi fotograferar eller filmar eventet. Det inneb\u00e4r att deltagare kan f\u00f6rekomma p\u00e5 bilderna \u00e4ven om fokus \u00e4r p\u00e5 arrangemanget i stort.<\/p>\n<h2>Kontakt<\/h2>\n<p><strong>Sara Adolfsson<\/strong>, Projektledare<br \/>\nE-post: sara.adolfsson@insightevents.se<\/p>\n<p><strong>Linda Olsson,<\/strong> Sales Manager<br \/>\nTfn: 08 587 662 37 | E-post: linda.olsson@insightevents.se[\/vc_column_text][vc_empty_space height=&#8221;30px&#8221;][\/vc_column][\/vc_row]<\/p>\n<\/div>","protected":false},"excerpt":{"rendered":"<p>[vc_row css=&#8221;.vc_custom_1569930237116{margin-top: 40px !important;}&#8221;][vc_column][vc_custom_heading text=&#8221;PRAKTISK INFORMATION&#8221; font_container=&#8221;tag:h1|text_align:center|color:%232b2b2b&#8221; google_fonts=&#8221;font_family:Roboto%3A100%2C100italic%2C300%2C300italic%2Cregular%2Citalic%2C500%2C500italic%2C700%2C700italic%2C900%2C900italic|font_style:700%20bold%20regular%3A700%3Anormal&#8221; css=&#8221;.vc_custom_1569939095009{padding-bottom: 20px !important;}&#8221;][vc_column_text] Datum 19-20 maj 2026 Lokal Kista Science Tower, F\u00e4r\u00f6gatan 33, Kista \ufeff Dokumentation M\u00e5nga av v\u00e5ra f\u00f6redragsh\u00e5llare uppdaterar sina anf\u00f6randen i sista stund. F\u00f6r att kunna erbjuda en uppdaterad och korrekt version har vi d\u00e4rf\u00f6r valt att tillhandah\u00e5lla dokumentationerna elektroniskt. I anslutning till konferensen [&hellip;]<\/p>\n","protected":false},"author":1,"featured_media":0,"parent":0,"menu_order":0,"comment_status":"closed","ping_status":"closed","template":"","meta":{"_acf_changed":false,"footnotes":""},"class_list":["post-276","page","type-page","status-publish","hentry"],"acf":[],"yoast_head":"<!-- This site is optimized with the Yoast SEO plugin v27.3 - https:\/\/yoast.com\/product\/yoast-seo-wordpress\/ -->\n<title>Praktisk info - Psykiatridagarna<\/title>\n<meta name=\"robots\" content=\"index, follow, max-snippet:-1, max-image-preview:large, max-video-preview:-1\" \/>\n<link rel=\"canonical\" href=\"https:\/\/insightevents.se\/psykiatridagarna\/praktisk-info\/\" \/>\n<meta property=\"og:locale\" content=\"sv_SE\" \/>\n<meta property=\"og:type\" content=\"article\" \/>\n<meta property=\"og:title\" content=\"Praktisk info - Psykiatridagarna\" \/>\n<meta property=\"og:description\" content=\"[vc_row css=&#8221;.vc_custom_1569930237116{margin-top: 40px !important;}&#8221;][vc_column][vc_custom_heading text=&#8221;PRAKTISK INFORMATION&#8221; font_container=&#8221;tag:h1|text_align:center|color:%232b2b2b&#8221; google_fonts=&#8221;font_family:Roboto%3A100%2C100italic%2C300%2C300italic%2Cregular%2Citalic%2C500%2C500italic%2C700%2C700italic%2C900%2C900italic|font_style:700%20bold%20regular%3A700%3Anormal&#8221; css=&#8221;.vc_custom_1569939095009{padding-bottom: 20px !important;}&#8221;][vc_column_text] Datum 19-20 maj 2026 Lokal Kista Science Tower, F\u00e4r\u00f6gatan 33, Kista \ufeff Dokumentation M\u00e5nga av v\u00e5ra f\u00f6redragsh\u00e5llare uppdaterar sina anf\u00f6randen i sista stund. F\u00f6r att kunna erbjuda en uppdaterad och korrekt version har vi d\u00e4rf\u00f6r valt att tillhandah\u00e5lla dokumentationerna elektroniskt. I anslutning till konferensen [&hellip;]\" \/>\n<meta property=\"og:url\" content=\"https:\/\/insightevents.se\/psykiatridagarna\/praktisk-info\/\" \/>\n<meta property=\"og:site_name\" content=\"Psykiatridagarna\" \/>\n<meta property=\"article:modified_time\" content=\"2026-04-22T07:17:48+00:00\" \/>\n<meta name=\"twitter:card\" content=\"summary_large_image\" \/>\n<meta name=\"twitter:label1\" content=\"Ber\u00e4knad l\u00e4stid\" \/>\n\t<meta name=\"twitter:data1\" content=\"1 minut\" \/>\n<script type=\"application\/ld+json\" class=\"yoast-schema-graph\">{\"@context\":\"https:\\\/\\\/schema.org\",\"@graph\":[{\"@type\":\"WebPage\",\"@id\":\"https:\\\/\\\/insightevents.se\\\/psykiatridagarna\\\/praktisk-info\\\/\",\"url\":\"https:\\\/\\\/insightevents.se\\\/psykiatridagarna\\\/praktisk-info\\\/\",\"name\":\"Praktisk info - Psykiatridagarna\",\"isPartOf\":{\"@id\":\"https:\\\/\\\/insightevents.se\\\/psykiatridagarna\\\/#website\"},\"datePublished\":\"2019-10-01T14:14:11+00:00\",\"dateModified\":\"2026-04-22T07:17:48+00:00\",\"breadcrumb\":{\"@id\":\"https:\\\/\\\/insightevents.se\\\/psykiatridagarna\\\/praktisk-info\\\/#breadcrumb\"},\"inLanguage\":\"sv-SE\",\"potentialAction\":[{\"@type\":\"ReadAction\",\"target\":[\"https:\\\/\\\/insightevents.se\\\/psykiatridagarna\\\/praktisk-info\\\/\"]}]},{\"@type\":\"BreadcrumbList\",\"@id\":\"https:\\\/\\\/insightevents.se\\\/psykiatridagarna\\\/praktisk-info\\\/#breadcrumb\",\"itemListElement\":[{\"@type\":\"ListItem\",\"position\":1,\"name\":\"Hem\",\"item\":\"https:\\\/\\\/insightevents.se\\\/psykiatridagarna\\\/\"},{\"@type\":\"ListItem\",\"position\":2,\"name\":\"Praktisk info\"}]},{\"@type\":\"WebSite\",\"@id\":\"https:\\\/\\\/insightevents.se\\\/psykiatridagarna\\\/#website\",\"url\":\"https:\\\/\\\/insightevents.se\\\/psykiatridagarna\\\/\",\"name\":\"Psykiatridagarna\",\"description\":\"En till Insight Events Sweden Websites webbplats\",\"potentialAction\":[{\"@type\":\"SearchAction\",\"target\":{\"@type\":\"EntryPoint\",\"urlTemplate\":\"https:\\\/\\\/insightevents.se\\\/psykiatridagarna\\\/?s={search_term_string}\"},\"query-input\":{\"@type\":\"PropertyValueSpecification\",\"valueRequired\":true,\"valueName\":\"search_term_string\"}}],\"inLanguage\":\"sv-SE\"}]}<\/script>\n<!-- \/ Yoast SEO plugin. -->","yoast_head_json":{"title":"Praktisk info - Psykiatridagarna","robots":{"index":"index","follow":"follow","max-snippet":"max-snippet:-1","max-image-preview":"max-image-preview:large","max-video-preview":"max-video-preview:-1"},"canonical":"https:\/\/insightevents.se\/psykiatridagarna\/praktisk-info\/","og_locale":"sv_SE","og_type":"article","og_title":"Praktisk info - Psykiatridagarna","og_description":"[vc_row css=&#8221;.vc_custom_1569930237116{margin-top: 40px !important;}&#8221;][vc_column][vc_custom_heading text=&#8221;PRAKTISK INFORMATION&#8221; font_container=&#8221;tag:h1|text_align:center|color:%232b2b2b&#8221; google_fonts=&#8221;font_family:Roboto%3A100%2C100italic%2C300%2C300italic%2Cregular%2Citalic%2C500%2C500italic%2C700%2C700italic%2C900%2C900italic|font_style:700%20bold%20regular%3A700%3Anormal&#8221; css=&#8221;.vc_custom_1569939095009{padding-bottom: 20px !important;}&#8221;][vc_column_text] Datum 19-20 maj 2026 Lokal Kista Science Tower, F\u00e4r\u00f6gatan 33, Kista \ufeff Dokumentation M\u00e5nga av v\u00e5ra f\u00f6redragsh\u00e5llare uppdaterar sina anf\u00f6randen i sista stund. F\u00f6r att kunna erbjuda en uppdaterad och korrekt version har vi d\u00e4rf\u00f6r valt att tillhandah\u00e5lla dokumentationerna elektroniskt. I anslutning till konferensen [&hellip;]","og_url":"https:\/\/insightevents.se\/psykiatridagarna\/praktisk-info\/","og_site_name":"Psykiatridagarna","article_modified_time":"2026-04-22T07:17:48+00:00","twitter_card":"summary_large_image","twitter_misc":{"Ber\u00e4knad l\u00e4stid":"1 minut"},"schema":{"@context":"https:\/\/schema.org","@graph":[{"@type":"WebPage","@id":"https:\/\/insightevents.se\/psykiatridagarna\/praktisk-info\/","url":"https:\/\/insightevents.se\/psykiatridagarna\/praktisk-info\/","name":"Praktisk info - Psykiatridagarna","isPartOf":{"@id":"https:\/\/insightevents.se\/psykiatridagarna\/#website"},"datePublished":"2019-10-01T14:14:11+00:00","dateModified":"2026-04-22T07:17:48+00:00","breadcrumb":{"@id":"https:\/\/insightevents.se\/psykiatridagarna\/praktisk-info\/#breadcrumb"},"inLanguage":"sv-SE","potentialAction":[{"@type":"ReadAction","target":["https:\/\/insightevents.se\/psykiatridagarna\/praktisk-info\/"]}]},{"@type":"BreadcrumbList","@id":"https:\/\/insightevents.se\/psykiatridagarna\/praktisk-info\/#breadcrumb","itemListElement":[{"@type":"ListItem","position":1,"name":"Hem","item":"https:\/\/insightevents.se\/psykiatridagarna\/"},{"@type":"ListItem","position":2,"name":"Praktisk info"}]},{"@type":"WebSite","@id":"https:\/\/insightevents.se\/psykiatridagarna\/#website","url":"https:\/\/insightevents.se\/psykiatridagarna\/","name":"Psykiatridagarna","description":"En till Insight Events Sweden Websites webbplats","potentialAction":[{"@type":"SearchAction","target":{"@type":"EntryPoint","urlTemplate":"https:\/\/insightevents.se\/psykiatridagarna\/?s={search_term_string}"},"query-input":{"@type":"PropertyValueSpecification","valueRequired":true,"valueName":"search_term_string"}}],"inLanguage":"sv-SE"}]}},"_links":{"self":[{"href":"https:\/\/insightevents.se\/psykiatridagarna\/wp-json\/wp\/v2\/pages\/276","targetHints":{"allow":["GET"]}}],"collection":[{"href":"https:\/\/insightevents.se\/psykiatridagarna\/wp-json\/wp\/v2\/pages"}],"about":[{"href":"https:\/\/insightevents.se\/psykiatridagarna\/wp-json\/wp\/v2\/types\/page"}],"author":[{"embeddable":true,"href":"https:\/\/insightevents.se\/psykiatridagarna\/wp-json\/wp\/v2\/users\/1"}],"replies":[{"embeddable":true,"href":"https:\/\/insightevents.se\/psykiatridagarna\/wp-json\/wp\/v2\/comments?post=276"}],"version-history":[{"count":29,"href":"https:\/\/insightevents.se\/psykiatridagarna\/wp-json\/wp\/v2\/pages\/276\/revisions"}],"predecessor-version":[{"id":1244,"href":"https:\/\/insightevents.se\/psykiatridagarna\/wp-json\/wp\/v2\/pages\/276\/revisions\/1244"}],"wp:attachment":[{"href":"https:\/\/insightevents.se\/psykiatridagarna\/wp-json\/wp\/v2\/media?parent=276"}],"curies":[{"name":"wp","href":"https:\/\/api.w.org\/{rel}","templated":true}]}}