{"id":308,"date":"2019-10-01T13:44:59","date_gmt":"2019-10-01T11:44:59","guid":{"rendered":"https:\/\/insightevents.se\/sarbehandlingssymposium\/?page_id=308"},"modified":"2026-03-06T09:55:21","modified_gmt":"2026-03-06T08:55:21","slug":"praktisk-info","status":"publish","type":"page","link":"https:\/\/insightevents.se\/sarbehandlingssymposium\/praktisk-info\/","title":{"rendered":"Praktisk info"},"content":{"rendered":"<div class=\"wpb-content-wrapper\"><p>[vc_section][vc_row equal_height=&#8221;yes&#8221; content_placement=&#8221;middle&#8221;][vc_column width=&#8221;1\/2&#8243; css=&#8221;.vc_custom_1715762141783{background-image: url(https:\/\/insightevents.se\/sarbehandlingssymposium\/wp-content\/uploads\/sites\/14\/2024\/05\/pexels-tima-miroshnichenko-5452293.jpg?id=955) !important;background-position: center !important;background-repeat: no-repeat !important;background-size: cover !important;}&#8221;][\/vc_column][vc_column width=&#8221;1\/2&#8243;]<div class=\"wpb_content_element \"><style type=\"text\/css\">#ut_header_69e002db5dd3d h2.section-title { font-size:48px !important;line-height:58px !important; }<\/style><header id=\"ut_header_69e002db5dd3d\" class=\"section-header  ut-no-title-linebreak-mobile ut-no-lead-linebreak-mobile pt-style-7 header-left header-tablet-left header-mobile-center element-with-custom-line-height\"><div class=\"element-with-custom-line-height\" ><h2 data-title=\"Praktisk information\"  data-responsive-font=\"section_title\" data-responsive-font-settings=\"{&quot;base-font-size&quot;:&quot;global&quot;,&quot;font-size&quot;:{&quot;desktop_large&quot;:&quot;48&quot;},&quot;base-line-height&quot;:&quot;global&quot;,&quot;line-height&quot;:{&quot;desktop_large&quot;:&quot;58&quot;},&quot;base-letter-spacing&quot;:&quot;global&quot;}\" class=\"section-title  \"><span>Praktisk information<\/span><\/h2><\/div><\/header><\/div>[vc_column_text]<\/p>\n<div class=\"wpb_wrapper\">\n<h2>Datum &amp; lokal<\/h2>\n<p>16-17 september 2026<br \/>\nStockholm<br \/>\nLokal meddelas senast en m\u00e5nad innan konferensen<\/p>\n<h2>Priser<\/h2>\n<p style=\"text-align: left;\">\n<table id=\"tablepress-3\" class=\"tablepress tablepress-id-3\">\n<tbody>\n<tr class=\"row-1\">\n\t<td class=\"column-1\"><strong>Prislista<\/strong><\/td><td class=\"column-2\"><strong>Boka t.o.m 30\/6<\/strong><\/td><td class=\"column-3\"><strong>Boka t.o.m 31\/6<\/strong><\/td><td class=\"column-4\"><strong>Boka fr.o.m 1\/9<\/strong><\/td>\n<\/tr>\n<tr class=\"row-2\">\n\t<td class=\"column-1\">Konferens<\/td><td class=\"column-2\">5.990 kr<\/td><td class=\"column-3\">6.590 kr<\/td><td class=\"column-4\">6.890 kr<\/td>\n<\/tr>\n<\/tbody>\n<\/table>\n<!-- #tablepress-3 from cache --><\/p>\n<p style=\"text-align: left;\">F\u00f6r information om grupprabatter, kontakta:<br \/>\nMagnus Sj\u00f6lander | 08-58766214 | <a href=\"mailto:magnus.sjolander@insightevents.se\">magnus.sjolander@insightevents.se<\/a><\/p>\n<p style=\"text-align: left;\"><em>S\u00e5rbehandlingssymposium f\u00f6ljer Swedish Medtechs regler f\u00f6r samverkan<\/em><\/p>\n<h2><span style=\"color: #222222;\">Dokumentation<\/span><\/h2>\n<\/div>\n<div class=\"wpb_wrapper\">\n<p>M\u00e5nga av v\u00e5ra f\u00f6redragsh\u00e5llare uppdaterar sina anf\u00f6randen i sista stund. F\u00f6r att kunna erbjuda en uppdaterad och korrekt version har vi d\u00e4rf\u00f6r valt att tillhandah\u00e5lla dokumentationerna elektroniskt. I anslutning till konferensen f\u00e5r du, via l\u00f6senord, tillg\u00e5ng till dokumentationen via webbl\u00e4nk. Vid problem med nedladdning v\u00e4nligen kontakta Kundtj\u00e4nst, tfn: 08-587 662 00. Vill du anteckna i dokumentationen rekommenderar vi att du skriver ut och tar med dig den till konferensen.<\/p>\n<h2>Bokning av hotell<\/h2>\n<p>I samband med konferensen har du m\u00f6jlighet att boka \u00f6vernattning p\u00e5 utvalda hotell i Stockholm till ett rabatterat pris. <strong>Gl\u00f6m inte att uppge avtalskoden<\/strong>.<\/p>\n<p><a href=\"https:\/\/insightevents.se\/bokning-av-hotell\/\" target=\"_blank\" rel=\"noopener noreferrer\">Se listan \u00f6ver v\u00e5ra hotell-partners h\u00e4r!<\/a><\/p>\n<h2>Anm\u00e4lningsvillkor<\/h2>\n<p><a href=\"https:\/\/insightevents.se\/regler-och-villkor\/\" target=\"_blank\" rel=\"noopener noreferrer\">V\u00e5ra anm\u00e4lningsvillkor hittar du h\u00e4r.<\/a><\/p>\n<\/div>\n<p><a href=\"https:\/\/insightevents.se\/integritetspolicy\/\" target=\"_blank\" rel=\"noopener\">Integritetspolicy\/hantering av personuppgifter<\/a><\/p>\n<div class=\"wpb_wrapper\">\n<h2>Foto\/film<\/h2>\n<p>I syfte att dokumentera och kommunicera konferensen, f\u00f6rekommer det att vi fotograferar eller filmar eventet. Det inneb\u00e4r att deltagare kan f\u00f6rekomma p\u00e5 bilderna \u00e4ven om fokus \u00e4r p\u00e5 arrangemanget i stort.<\/p>\n<\/div>\n<p>[\/vc_column_text][\/vc_column][\/vc_row][vc_row][vc_column]<div class=\"wpb_content_element \"><style type=\"text\/css\">#ut_header_69e002db60190 h2.section-title { font-size:48px !important;line-height:58px !important; }<\/style><header id=\"ut_header_69e002db60190\" class=\"section-header  ut-no-title-linebreak-mobile ut-no-lead-linebreak-mobile pt-style-7 header-center header-tablet-center header-mobile-center element-with-custom-line-height\"><div class=\"element-with-custom-line-height\" ><h2 data-title=\"Kontakt\"  data-responsive-font=\"section_title\" data-responsive-font-settings=\"{&quot;base-font-size&quot;:&quot;global&quot;,&quot;font-size&quot;:{&quot;desktop_large&quot;:&quot;48&quot;},&quot;base-line-height&quot;:&quot;global&quot;,&quot;line-height&quot;:{&quot;desktop_large&quot;:&quot;58&quot;},&quot;base-letter-spacing&quot;:&quot;global&quot;}\" class=\"section-title  \"><span>Kontakt<\/span><\/h2><\/div><\/header><\/div>[vc_row_inner][vc_column_inner width=&#8221;1\/3&#8243;]<style type=\"text\/css\">#ut_custom_heading69e002db60786 { font-family: \"Niconne\";font-weight:400;font-style:normal; }#ut_custom_heading69e002db60786 { font-size:25px !important; }#ut_custom_heading69e002db60786 { text-align:center; }@media (min-width: 768px) and (max-width: 1024px) { #ut_custom_heading69e002db60786 { text-align:center; } }@media (max-width: 767px) { #ut_custom_heading69e002db60786 { text-align:center; } }<\/style><h1 id=\"ut_custom_heading69e002db60786\" data-responsive-font=\"h1\" data-responsive-font-settings=\"{&quot;base-font-size&quot;:&quot;25&quot;,&quot;font-size-unit&quot;:&quot;px&quot;,&quot;font-size&quot;:{&quot;desktop_large&quot;:&quot;25&quot;},&quot;base-line-height&quot;:&quot;global&quot;,&quot;base-letter-spacing&quot;:&quot;global&quot;}\" class=\"ut-custom-heading-module  \" ><span class=\"\" >Josefine Lindblad<\/span><\/h1>[vc_column_text]<\/p>\n<p style=\"text-align: center;\">Projektledare<br \/>\n<a href=\"mailto:josefine.lindblad@insightevents.se\">josefine.lindblad@insightevents.se<\/a><\/p>\n<p>[\/vc_column_text][\/vc_column_inner][vc_column_inner width=&#8221;1\/3&#8243;]<style type=\"text\/css\">#ut_custom_heading69e002db6080f { font-family: \"Style Script\";font-weight:400;font-style:normal; }#ut_custom_heading69e002db6080f { font-size:25px !important; }#ut_custom_heading69e002db6080f { text-align:center; }@media (min-width: 768px) and (max-width: 1024px) { #ut_custom_heading69e002db6080f { text-align:center; } }@media (max-width: 767px) { #ut_custom_heading69e002db6080f { text-align:center; } }<\/style><h1 id=\"ut_custom_heading69e002db6080f\" data-responsive-font=\"h1\" data-responsive-font-settings=\"{&quot;base-font-size&quot;:&quot;25&quot;,&quot;font-size-unit&quot;:&quot;px&quot;,&quot;font-size&quot;:{&quot;desktop_large&quot;:&quot;25&quot;},&quot;base-line-height&quot;:&quot;global&quot;,&quot;base-letter-spacing&quot;:&quot;global&quot;}\" class=\"ut-custom-heading-module  \" ><span class=\"\" >Linda Forsberg<\/span><\/h1>[vc_column_text]<\/p>\n<p style=\"text-align: center;\">Utst\u00e4llning\/sponsorskap<br \/>\n+46 (0)8 587 662 37<br \/>\n<a href=\"mailto:linda.forsberg@insightevents.se\">linda.forsberg@insightevents.se<\/a><\/p>\n<p>[\/vc_column_text][\/vc_column_inner][vc_column_inner width=&#8221;1\/3&#8243;]<style type=\"text\/css\">#ut_custom_heading69e002db6084f { font-family: \"Zeyada\";font-weight:400;font-style:normal; }#ut_custom_heading69e002db6084f { font-size:25px !important; }#ut_custom_heading69e002db6084f { text-align:center; }@media (min-width: 768px) and (max-width: 1024px) { #ut_custom_heading69e002db6084f { text-align:center; } }@media (max-width: 767px) { #ut_custom_heading69e002db6084f { text-align:center; } }<\/style><h1 id=\"ut_custom_heading69e002db6084f\" data-responsive-font=\"h1\" data-responsive-font-settings=\"{&quot;base-font-size&quot;:&quot;25&quot;,&quot;font-size-unit&quot;:&quot;px&quot;,&quot;font-size&quot;:{&quot;desktop_large&quot;:&quot;25&quot;},&quot;base-line-height&quot;:&quot;global&quot;,&quot;base-letter-spacing&quot;:&quot;global&quot;}\" class=\"ut-custom-heading-module  \" ><span class=\"\" >Magnus Sj\u00f6lander<\/span><\/h1>[vc_column_text]<\/p>\n<p style=\"text-align: center;\">Deltagarplats<br \/>\n+46 (0)8 587 662 14<br \/>\n<a href=\"mailto:magnus.sjolander@insightevents.se\">magnus.sjolander@insightevents.se<\/a><\/p>\n<p>[\/vc_column_text][\/vc_column_inner][\/vc_row_inner][\/vc_column][\/vc_row][vc_row disable_element=&#8221;yes&#8221;][vc_column][vc_column_text]<iframe loading=\"lazy\" style=\"border: 0;\" src=\"https:\/\/www.google.com\/maps\/embed?pb=!1m18!1m12!1m3!1d4069.615687969488!2d18.096368499999997!3d59.3361619!2m3!1f0!2f0!3f0!3m2!1i1024!2i768!4f13.1!3m3!1m2!1s0x465f9d4da314329d%3A0x3d1063e4467c1858!2sCoor%20konferens%20-%20Garnisonen!5e0!3m2!1sen!2sse!4v1746532761645!5m2!1sen!2sse\" width=\"1200\" height=\"450\" allowfullscreen=\"allowfullscreen\"><\/iframe>[\/vc_column_text][\/vc_column][\/vc_row][\/vc_section]<\/p>\n<\/div>","protected":false},"excerpt":{"rendered":"<p>[vc_section][vc_row equal_height=&#8221;yes&#8221; content_placement=&#8221;middle&#8221;][vc_column width=&#8221;1\/2&#8243; css=&#8221;.vc_custom_1715762141783{background-image: url(https:\/\/insightevents.se\/sarbehandlingssymposium\/wp-content\/uploads\/sites\/14\/2024\/05\/pexels-tima-miroshnichenko-5452293.jpg?id=955) !important;background-position: center !important;background-repeat: no-repeat !important;background-size: cover !important;}&#8221;][\/vc_column][vc_column width=&#8221;1\/2&#8243;][vc_column_text] Datum &amp; lokal 16-17 september 2026 Stockholm Lokal meddelas senast en m\u00e5nad innan konferensen Priser F\u00f6r information om grupprabatter, kontakta: Magnus Sj\u00f6lander | 08-58766214 | magnus.sjolander@insightevents.se S\u00e5rbehandlingssymposium f\u00f6ljer Swedish Medtechs regler f\u00f6r samverkan Dokumentation M\u00e5nga av v\u00e5ra f\u00f6redragsh\u00e5llare uppdaterar sina anf\u00f6randen [&hellip;]<\/p>\n","protected":false},"author":1,"featured_media":0,"parent":0,"menu_order":0,"comment_status":"closed","ping_status":"closed","template":"","meta":{"_acf_changed":false,"footnotes":""},"class_list":["post-308","page","type-page","status-publish","hentry"],"acf":[],"yoast_head":"<!-- This site is optimized with the Yoast SEO plugin v27.3 - https:\/\/yoast.com\/product\/yoast-seo-wordpress\/ -->\n<title>Praktisk info - S\u00e5rbehandlingssymposium<\/title>\n<meta name=\"robots\" content=\"index, follow, max-snippet:-1, max-image-preview:large, max-video-preview:-1\" \/>\n<link rel=\"canonical\" href=\"https:\/\/insightevents.se\/sarbehandlingssymposium\/praktisk-info\/\" \/>\n<meta property=\"og:locale\" content=\"sv_SE\" \/>\n<meta property=\"og:type\" content=\"article\" \/>\n<meta property=\"og:title\" content=\"Praktisk info - S\u00e5rbehandlingssymposium\" \/>\n<meta property=\"og:description\" content=\"[vc_section][vc_row equal_height=&#8221;yes&#8221; content_placement=&#8221;middle&#8221;][vc_column width=&#8221;1\/2&#8243; css=&#8221;.vc_custom_1715762141783{background-image: url(https:\/\/insightevents.se\/sarbehandlingssymposium\/wp-content\/uploads\/sites\/14\/2024\/05\/pexels-tima-miroshnichenko-5452293.jpg?id=955) !important;background-position: center !important;background-repeat: no-repeat !important;background-size: cover !important;}&#8221;][\/vc_column][vc_column width=&#8221;1\/2&#8243;][vc_column_text] Datum &amp; lokal 16-17 september 2026 Stockholm Lokal meddelas senast en m\u00e5nad innan konferensen Priser F\u00f6r information om grupprabatter, kontakta: Magnus Sj\u00f6lander | 08-58766214 | magnus.sjolander@insightevents.se S\u00e5rbehandlingssymposium f\u00f6ljer Swedish Medtechs regler f\u00f6r samverkan Dokumentation M\u00e5nga av v\u00e5ra f\u00f6redragsh\u00e5llare uppdaterar sina anf\u00f6randen [&hellip;]\" \/>\n<meta property=\"og:url\" content=\"https:\/\/insightevents.se\/sarbehandlingssymposium\/praktisk-info\/\" \/>\n<meta property=\"og:site_name\" content=\"S\u00e5rbehandlingssymposium\" \/>\n<meta property=\"article:modified_time\" content=\"2026-03-06T08:55:21+00:00\" \/>\n<meta name=\"twitter:card\" content=\"summary_large_image\" \/>\n<meta name=\"twitter:label1\" content=\"Ber\u00e4knad l\u00e4stid\" \/>\n\t<meta name=\"twitter:data1\" content=\"2 minuter\" \/>\n<script type=\"application\/ld+json\" class=\"yoast-schema-graph\">{\"@context\":\"https:\\\/\\\/schema.org\",\"@graph\":[{\"@type\":\"WebPage\",\"@id\":\"https:\\\/\\\/insightevents.se\\\/sarbehandlingssymposium\\\/praktisk-info\\\/\",\"url\":\"https:\\\/\\\/insightevents.se\\\/sarbehandlingssymposium\\\/praktisk-info\\\/\",\"name\":\"Praktisk info - S\u00e5rbehandlingssymposium\",\"isPartOf\":{\"@id\":\"https:\\\/\\\/insightevents.se\\\/sarbehandlingssymposium\\\/#website\"},\"datePublished\":\"2019-10-01T11:44:59+00:00\",\"dateModified\":\"2026-03-06T08:55:21+00:00\",\"breadcrumb\":{\"@id\":\"https:\\\/\\\/insightevents.se\\\/sarbehandlingssymposium\\\/praktisk-info\\\/#breadcrumb\"},\"inLanguage\":\"sv-SE\",\"potentialAction\":[{\"@type\":\"ReadAction\",\"target\":[\"https:\\\/\\\/insightevents.se\\\/sarbehandlingssymposium\\\/praktisk-info\\\/\"]}]},{\"@type\":\"BreadcrumbList\",\"@id\":\"https:\\\/\\\/insightevents.se\\\/sarbehandlingssymposium\\\/praktisk-info\\\/#breadcrumb\",\"itemListElement\":[{\"@type\":\"ListItem\",\"position\":1,\"name\":\"Hem\",\"item\":\"https:\\\/\\\/insightevents.se\\\/sarbehandlingssymposium\\\/\"},{\"@type\":\"ListItem\",\"position\":2,\"name\":\"Praktisk info\"}]},{\"@type\":\"WebSite\",\"@id\":\"https:\\\/\\\/insightevents.se\\\/sarbehandlingssymposium\\\/#website\",\"url\":\"https:\\\/\\\/insightevents.se\\\/sarbehandlingssymposium\\\/\",\"name\":\"S\u00e5rbehandlingssymposium\",\"description\":\"\",\"potentialAction\":[{\"@type\":\"SearchAction\",\"target\":{\"@type\":\"EntryPoint\",\"urlTemplate\":\"https:\\\/\\\/insightevents.se\\\/sarbehandlingssymposium\\\/?s={search_term_string}\"},\"query-input\":{\"@type\":\"PropertyValueSpecification\",\"valueRequired\":true,\"valueName\":\"search_term_string\"}}],\"inLanguage\":\"sv-SE\"}]}<\/script>\n<!-- \/ Yoast SEO plugin. -->","yoast_head_json":{"title":"Praktisk info - S\u00e5rbehandlingssymposium","robots":{"index":"index","follow":"follow","max-snippet":"max-snippet:-1","max-image-preview":"max-image-preview:large","max-video-preview":"max-video-preview:-1"},"canonical":"https:\/\/insightevents.se\/sarbehandlingssymposium\/praktisk-info\/","og_locale":"sv_SE","og_type":"article","og_title":"Praktisk info - S\u00e5rbehandlingssymposium","og_description":"[vc_section][vc_row equal_height=&#8221;yes&#8221; content_placement=&#8221;middle&#8221;][vc_column width=&#8221;1\/2&#8243; css=&#8221;.vc_custom_1715762141783{background-image: url(https:\/\/insightevents.se\/sarbehandlingssymposium\/wp-content\/uploads\/sites\/14\/2024\/05\/pexels-tima-miroshnichenko-5452293.jpg?id=955) !important;background-position: center !important;background-repeat: no-repeat !important;background-size: cover !important;}&#8221;][\/vc_column][vc_column width=&#8221;1\/2&#8243;][vc_column_text] Datum &amp; lokal 16-17 september 2026 Stockholm Lokal meddelas senast en m\u00e5nad innan konferensen Priser F\u00f6r information om grupprabatter, kontakta: Magnus Sj\u00f6lander | 08-58766214 | magnus.sjolander@insightevents.se S\u00e5rbehandlingssymposium f\u00f6ljer Swedish Medtechs regler f\u00f6r samverkan Dokumentation M\u00e5nga av v\u00e5ra f\u00f6redragsh\u00e5llare uppdaterar sina anf\u00f6randen [&hellip;]","og_url":"https:\/\/insightevents.se\/sarbehandlingssymposium\/praktisk-info\/","og_site_name":"S\u00e5rbehandlingssymposium","article_modified_time":"2026-03-06T08:55:21+00:00","twitter_card":"summary_large_image","twitter_misc":{"Ber\u00e4knad l\u00e4stid":"2 minuter"},"schema":{"@context":"https:\/\/schema.org","@graph":[{"@type":"WebPage","@id":"https:\/\/insightevents.se\/sarbehandlingssymposium\/praktisk-info\/","url":"https:\/\/insightevents.se\/sarbehandlingssymposium\/praktisk-info\/","name":"Praktisk info - S\u00e5rbehandlingssymposium","isPartOf":{"@id":"https:\/\/insightevents.se\/sarbehandlingssymposium\/#website"},"datePublished":"2019-10-01T11:44:59+00:00","dateModified":"2026-03-06T08:55:21+00:00","breadcrumb":{"@id":"https:\/\/insightevents.se\/sarbehandlingssymposium\/praktisk-info\/#breadcrumb"},"inLanguage":"sv-SE","potentialAction":[{"@type":"ReadAction","target":["https:\/\/insightevents.se\/sarbehandlingssymposium\/praktisk-info\/"]}]},{"@type":"BreadcrumbList","@id":"https:\/\/insightevents.se\/sarbehandlingssymposium\/praktisk-info\/#breadcrumb","itemListElement":[{"@type":"ListItem","position":1,"name":"Hem","item":"https:\/\/insightevents.se\/sarbehandlingssymposium\/"},{"@type":"ListItem","position":2,"name":"Praktisk info"}]},{"@type":"WebSite","@id":"https:\/\/insightevents.se\/sarbehandlingssymposium\/#website","url":"https:\/\/insightevents.se\/sarbehandlingssymposium\/","name":"S\u00e5rbehandlingssymposium","description":"","potentialAction":[{"@type":"SearchAction","target":{"@type":"EntryPoint","urlTemplate":"https:\/\/insightevents.se\/sarbehandlingssymposium\/?s={search_term_string}"},"query-input":{"@type":"PropertyValueSpecification","valueRequired":true,"valueName":"search_term_string"}}],"inLanguage":"sv-SE"}]}},"_links":{"self":[{"href":"https:\/\/insightevents.se\/sarbehandlingssymposium\/wp-json\/wp\/v2\/pages\/308","targetHints":{"allow":["GET"]}}],"collection":[{"href":"https:\/\/insightevents.se\/sarbehandlingssymposium\/wp-json\/wp\/v2\/pages"}],"about":[{"href":"https:\/\/insightevents.se\/sarbehandlingssymposium\/wp-json\/wp\/v2\/types\/page"}],"author":[{"embeddable":true,"href":"https:\/\/insightevents.se\/sarbehandlingssymposium\/wp-json\/wp\/v2\/users\/1"}],"replies":[{"embeddable":true,"href":"https:\/\/insightevents.se\/sarbehandlingssymposium\/wp-json\/wp\/v2\/comments?post=308"}],"version-history":[{"count":37,"href":"https:\/\/insightevents.se\/sarbehandlingssymposium\/wp-json\/wp\/v2\/pages\/308\/revisions"}],"predecessor-version":[{"id":1265,"href":"https:\/\/insightevents.se\/sarbehandlingssymposium\/wp-json\/wp\/v2\/pages\/308\/revisions\/1265"}],"wp:attachment":[{"href":"https:\/\/insightevents.se\/sarbehandlingssymposium\/wp-json\/wp\/v2\/media?parent=308"}],"curies":[{"name":"wp","href":"https:\/\/api.w.org\/{rel}","templated":true}]}}