{"id":12,"date":"2016-05-24T07:19:32","date_gmt":"2016-05-24T07:19:32","guid":{"rendered":"https:\/\/insightevents.se\/upphandlingsforum\/?page_id=12"},"modified":"2026-02-12T14:20:08","modified_gmt":"2026-02-12T14:20:08","slug":"information","status":"publish","type":"page","link":"https:\/\/insightevents.se\/upphandlingsforum\/information\/","title":{"rendered":"Praktisk Information"},"content":{"rendered":"<div class=\"wpb-content-wrapper\"><p>[vc_row][vc_column][vc_empty_space][\/vc_column][\/vc_row][vc_row equal_height=&#8221;yes&#8221;][vc_column width=&#8221;1\/2&#8243; css=&#8221;.vc_custom_1719490596163{background-image: url(https:\/\/insightevents.se\/upphandlingsforum\/wp-content\/uploads\/sites\/5\/2024\/06\/pexels-pixabay-327540-1.jpg?id=8240) !important;background-position: center !important;background-repeat: no-repeat !important;background-size: cover !important;}&#8221;][\/vc_column][vc_column width=&#8221;1\/2&#8243;]<div class=\"wpb_content_element \"><style type=\"text\/css\">#ut_header_69dc50e479c66 h2.section-title { font-size:66px !important;line-height:72px !important;letter-spacing:-0.05em; }<\/style><header id=\"ut_header_69dc50e479c66\" class=\"section-header  ut-no-title-linebreak-mobile ut-no-lead-linebreak-mobile pt-style-2 header-left header-tablet-left header-mobile-center element-with-custom-line-height\"><div class=\"element-with-custom-line-height\" ><h2 data-title=\"PRAKTISK INFORMATION\"  data-responsive-font=\"section_title\" data-responsive-font-settings=\"{&quot;base-font-size&quot;:&quot;global&quot;,&quot;font-size&quot;:{&quot;desktop_large&quot;:&quot;66&quot;},&quot;base-line-height&quot;:&quot;global&quot;,&quot;line-height&quot;:{&quot;desktop_large&quot;:&quot;72&quot;},&quot;base-letter-spacing&quot;:&quot;global&quot;,&quot;letter-spacing&quot;:{&quot;desktop_large&quot;:&quot;-0.05&quot;}}\" class=\"section-title  \"><span>PRAKTISK INFORMATION<\/span><\/h2><\/div><\/header><\/div>[vc_column_text]<\/p>\n<h2>Tid och plats<\/h2>\n<p>18-19 november<b><br \/>\nBonnierhuset<\/b>, Torsgatan 21 Stockholm\u00a0<b><br \/>\n<\/b><\/p>\n<h2>Priser<\/h2>\n<p><strong>Anst\u00e4lld vid kommun, stat, myndighet eller verk<\/strong><br \/>\nKonferens: 9 990 kr<br \/>\nKonferens + f\u00f6rdjupningspass: 13 490 kr<\/p>\n<p><strong>F\u00f6rs\u00f6rjningssektorerna &amp; \u00f6vriga<br \/>\n<\/strong>Konferens: 12 990 kr<br \/>\nKonferens + f\u00f6rdjupningspass: 16 490 kr<\/p>\n<h2>Dokumentation<\/h2>\n<p>M\u00e5nga av v\u00e5ra f\u00f6redragsh\u00e5llare uppdaterar sina anf\u00f6randen i sista stund. F\u00f6r att kunna erbjuda en uppdaterad och korrekt version har vi d\u00e4rf\u00f6r valt att tillhandah\u00e5lla dokumentationerna elektroniskt. I anslutning till konferensen f\u00e5r du, via l\u00f6senord, tillg\u00e5ng till dokumentationen via webbl\u00e4nk. Vid problem med nedladdning v\u00e4nligen kontakta Kundtj\u00e4nst, tfn: 08-587 662 00. Vill du anteckna i dokumentationen rekommenderar vi att du skriver ut och tar med dig den till konferensen.<\/p>\n<h2>Bokning av hotell<\/h2>\n<p>I samband med konferensen har du m\u00f6jlighet att boka \u00f6vernattning p\u00e5 utvalda hotell i Stockholm till ett rabatterat pris. <strong>Gl\u00f6m inte att uppge avtalskoden<\/strong>.<\/p>\n<p><a href=\"https:\/\/insightevents.se\/bokning-av-hotell\/\" target=\"_blank\" rel=\"noopener noreferrer\">Se listan \u00f6ver v\u00e5ra hotell-partners h\u00e4r!<\/a><\/p>\n<h2>Anm\u00e4lningsvillkor<\/h2>\n<p><a href=\"https:\/\/insightevents.se\/regler-och-villkor\/\" target=\"_blank\" rel=\"noopener noreferrer\">V\u00e5ra anm\u00e4lningsvillkor hittar du h\u00e4r.<\/a><\/p>\n<h2>Foto\/film<\/h2>\n<p>I syfte att dokumentera och kommunicera konferensen, f\u00f6rekommer det att vi fotograferar eller filmar eventet. Det inneb\u00e4r att deltagare kan f\u00f6rekomma p\u00e5 bilderna \u00e4ven om fokus \u00e4r p\u00e5 arrangemanget i stort.[\/vc_column_text][\/vc_column][\/vc_row][vc_section][vc_row][vc_column]<div class=\"wpb_content_element \"><style type=\"text\/css\">#ut_header_69dc50e47b69a h2.section-title { font-size:66px !important;line-height:72px !important;letter-spacing:-0.05em; }<\/style><header id=\"ut_header_69dc50e47b69a\" class=\"section-header  ut-no-title-linebreak-mobile ut-no-lead-linebreak-mobile pt-style-2 header-center header-tablet-center header-mobile-center element-with-custom-line-height\"><div class=\"element-with-custom-line-height\" ><h2 data-title=\"LOKAL\"  data-responsive-font=\"section_title\" data-responsive-font-settings=\"{&quot;base-font-size&quot;:&quot;global&quot;,&quot;font-size&quot;:{&quot;desktop_large&quot;:&quot;66&quot;},&quot;base-line-height&quot;:&quot;global&quot;,&quot;line-height&quot;:{&quot;desktop_large&quot;:&quot;72&quot;},&quot;base-letter-spacing&quot;:&quot;global&quot;,&quot;letter-spacing&quot;:{&quot;desktop_large&quot;:&quot;-0.05&quot;}}\" class=\"section-title  \"><span>LOKAL<\/span><\/h2><\/div><div data-delay=\"0\" class=\"lead \"><p>Bonnierhuset<br \/>\nTorsgatan 21, 113 21 Stockholm<\/p>\n<\/div><\/header><\/div>[vc_column_text]<\/p>\n<div style=\"display: flex; justify-content: center;\"><iframe loading=\"lazy\" style=\"border: 0;\" src=\"https:\/\/www.google.com\/maps\/embed?pb=!1m18!1m12!1m3!1d2034.7226998157746!2d18.038405877272247!3d59.33758336035991!2m3!1f0!2f0!3f0!3m2!1i1024!2i768!4f13.1!3m3!1m2!1s0x465f9d7b6c36722d%3A0xf1afd977e8decc41!2sBonnierhuset!5e0!3m2!1sen!2sse!4v1744789139179!5m2!1sen!2sse\" width=\"1200\" height=\"450\" allowfullscreen=\"allowfullscreen\"><\/iframe><\/div>\n<p>[\/vc_column_text][\/vc_column][\/vc_row][\/vc_section][vc_section][vc_row][vc_column]<div class=\"wpb_content_element \"><style type=\"text\/css\">#ut_header_69dc50e47bae8 h2.section-title { font-size:66px !important;line-height:72px !important;letter-spacing:-0.05em; }<\/style><header id=\"ut_header_69dc50e47bae8\" class=\"section-header  ut-no-title-linebreak-mobile ut-no-lead-linebreak-mobile pt-style-2 header-center header-tablet-center header-mobile-center element-with-custom-line-height\"><div class=\"element-with-custom-line-height\" ><h2 data-title=\"KONTAKT\"  data-responsive-font=\"section_title\" data-responsive-font-settings=\"{&quot;base-font-size&quot;:&quot;global&quot;,&quot;font-size&quot;:{&quot;desktop_large&quot;:&quot;66&quot;},&quot;base-line-height&quot;:&quot;global&quot;,&quot;line-height&quot;:{&quot;desktop_large&quot;:&quot;72&quot;},&quot;base-letter-spacing&quot;:&quot;global&quot;,&quot;letter-spacing&quot;:{&quot;desktop_large&quot;:&quot;-0.05&quot;}}\" class=\"section-title  \"><span>KONTAKT<\/span><\/h2><\/div><\/header><\/div>[vc_row_inner][vc_column_inner width=&#8221;1\/3&#8243;]<style type=\"text\/css\">#ut_custom_heading69dc50e47beb4 { font-family: \"Ephesis\";font-weight:400;font-style:normal; }#ut_custom_heading69dc50e47beb4 { font-size:32px !important;letter-spacing:-0.05em; }#ut_custom_heading69dc50e47beb4 { text-align:center; }@media (min-width: 768px) and (max-width: 1024px) { #ut_custom_heading69dc50e47beb4 { text-align:center; } }@media (max-width: 767px) { #ut_custom_heading69dc50e47beb4 { text-align:center; } }<\/style><h1 id=\"ut_custom_heading69dc50e47beb4\" data-responsive-font=\"h1\" data-responsive-font-settings=\"{&quot;base-font-size&quot;:&quot;32&quot;,&quot;font-size-unit&quot;:&quot;px&quot;,&quot;font-size&quot;:{&quot;desktop_large&quot;:&quot;32&quot;},&quot;base-line-height&quot;:&quot;global&quot;,&quot;base-letter-spacing&quot;:&quot;global&quot;,&quot;letter-spacing&quot;:{&quot;desktop_large&quot;:&quot;-0.05&quot;}}\" class=\"ut-custom-heading-module  \" ><span class=\"\" >Josefine Lindblad<\/span><\/h1>[vc_column_text]<\/p>\n<p style=\"text-align: center;\">Projektledare<br \/>\n<a href=\"mailto:josefine.lindblad@insightevents.se\">josefine.lindblad@insightevents.se<\/a><\/p>\n<p>[\/vc_column_text][\/vc_column_inner][vc_column_inner width=&#8221;1\/3&#8243;]<style type=\"text\/css\">#ut_custom_heading69dc50e47bf1b { font-family: \"Zeyada\";font-weight:400;font-style:normal; }#ut_custom_heading69dc50e47bf1b { font-size:32px !important;letter-spacing:-0.05em; }#ut_custom_heading69dc50e47bf1b { text-align:center; }@media (min-width: 768px) and (max-width: 1024px) { #ut_custom_heading69dc50e47bf1b { text-align:center; } }@media (max-width: 767px) { #ut_custom_heading69dc50e47bf1b { text-align:center; } }<\/style><h1 id=\"ut_custom_heading69dc50e47bf1b\" data-responsive-font=\"h1\" data-responsive-font-settings=\"{&quot;base-font-size&quot;:&quot;32&quot;,&quot;font-size-unit&quot;:&quot;px&quot;,&quot;font-size&quot;:{&quot;desktop_large&quot;:&quot;32&quot;},&quot;base-line-height&quot;:&quot;global&quot;,&quot;base-letter-spacing&quot;:&quot;global&quot;,&quot;letter-spacing&quot;:{&quot;desktop_large&quot;:&quot;-0.05&quot;}}\" class=\"ut-custom-heading-module  \" ><span class=\"\" >Magnus Sj\u00f6lander<\/span><\/h1>[vc_column_text]<\/p>\n<p style=\"text-align: center;\">Deltagarplats<br \/>\n08-587 662 14<br \/>\n<a href=\"mailto:magnus.sjolander@insightevents.se\">magnus.sjolander@insightevents.se<\/a><\/p>\n<p>[\/vc_column_text][\/vc_column_inner][vc_column_inner width=&#8221;1\/3&#8243;][vc_column_text]<\/p>\n<p style=\"text-align: center;\"><strong>Insight Events Sweden AB<br \/>\n<\/strong>Sankt G\u00f6ransgatan 57<strong><br \/>\n<\/strong>Box 7022<strong><br \/>\n<\/strong>103 86 Stockholm<strong><a href=\"http:\/\/www.hitta.se\/ViewDetailsPink.aspx?vad=ibc+euroforum&amp;Vkiid=KfzgbAwJ5iPg7lFRuH4pEw%253d%253d&amp;Vkid=22282642&amp;isAlternateNumberResult=False\"><br \/>\n<\/a><\/strong>Organisationsnummer: 556496-1497<\/p>\n<p style=\"text-align: center;\"><b>Tfn:<\/b>\u00a008 587 662 00<br \/>\n<b>E-post:<\/b>\u00a0<a class=\"mail-link\" href=\"mailto:info@insightevents.se\">info@insightevents.se<\/a><\/p>\n<p>[\/vc_column_text][\/vc_column_inner][\/vc_row_inner][\/vc_column][\/vc_row][\/vc_section]<\/p>\n<\/div>","protected":false},"excerpt":{"rendered":"<p>[vc_row][vc_column][vc_empty_space][\/vc_column][\/vc_row][vc_row equal_height=&#8221;yes&#8221;][vc_column width=&#8221;1\/2&#8243; css=&#8221;.vc_custom_1719490596163{background-image: url(https:\/\/insightevents.se\/upphandlingsforum\/wp-content\/uploads\/sites\/5\/2024\/06\/pexels-pixabay-327540-1.jpg?id=8240) !important;background-position: center !important;background-repeat: no-repeat !important;background-size: cover !important;}&#8221;][\/vc_column][vc_column width=&#8221;1\/2&#8243;][vc_column_text] Tid och plats 18-19 november Bonnierhuset, Torsgatan 21 Stockholm\u00a0 Priser Anst\u00e4lld vid kommun, stat, myndighet eller verk Konferens: 9 990 kr Konferens + f\u00f6rdjupningspass: 13 490 kr F\u00f6rs\u00f6rjningssektorerna &amp; \u00f6vriga Konferens: 12 990 kr Konferens + f\u00f6rdjupningspass: 16 490 kr Dokumentation M\u00e5nga [&hellip;]<\/p>\n","protected":false},"author":1,"featured_media":0,"parent":0,"menu_order":0,"comment_status":"closed","ping_status":"closed","template":"","meta":{"_acf_changed":false,"footnotes":""},"class_list":["post-12","page","type-page","status-publish","hentry"],"acf":[],"yoast_head":"<!-- This site is optimized with the Yoast SEO plugin v27.3 - https:\/\/yoast.com\/product\/yoast-seo-wordpress\/ -->\n<title>Praktisk Information - Upphandlingsforum<\/title>\n<meta name=\"description\" content=\"H\u00e4r finns all praktisk information f\u00f6r Upphandlingsforum du kan t\u00e4nkas beh\u00f6va.\" \/>\n<meta name=\"robots\" content=\"index, follow, max-snippet:-1, max-image-preview:large, max-video-preview:-1\" \/>\n<link rel=\"canonical\" href=\"https:\/\/insightevents.se\/upphandlingsforum\/information\/\" \/>\n<meta property=\"og:locale\" content=\"sv_SE\" \/>\n<meta property=\"og:type\" content=\"article\" \/>\n<meta property=\"og:title\" content=\"Praktisk Information - Upphandlingsforum\" \/>\n<meta property=\"og:description\" content=\"H\u00e4r finns all praktisk information f\u00f6r Upphandlingsforum du kan t\u00e4nkas beh\u00f6va.\" \/>\n<meta property=\"og:url\" content=\"https:\/\/insightevents.se\/upphandlingsforum\/information\/\" \/>\n<meta property=\"og:site_name\" content=\"Upphandlingsforum\" \/>\n<meta property=\"article:modified_time\" content=\"2026-02-12T14:20:08+00:00\" \/>\n<meta name=\"twitter:card\" content=\"summary_large_image\" \/>\n<meta name=\"twitter:label1\" content=\"Ber\u00e4knad l\u00e4stid\" \/>\n\t<meta name=\"twitter:data1\" content=\"2 minuter\" \/>\n<script type=\"application\/ld+json\" class=\"yoast-schema-graph\">{\"@context\":\"https:\\\/\\\/schema.org\",\"@graph\":[{\"@type\":\"WebPage\",\"@id\":\"https:\\\/\\\/insightevents.se\\\/upphandlingsforum\\\/information\\\/\",\"url\":\"https:\\\/\\\/insightevents.se\\\/upphandlingsforum\\\/information\\\/\",\"name\":\"Praktisk Information - Upphandlingsforum\",\"isPartOf\":{\"@id\":\"https:\\\/\\\/insightevents.se\\\/upphandlingsforum\\\/#website\"},\"datePublished\":\"2016-05-24T07:19:32+00:00\",\"dateModified\":\"2026-02-12T14:20:08+00:00\",\"description\":\"H\u00e4r finns all praktisk information f\u00f6r Upphandlingsforum du kan t\u00e4nkas beh\u00f6va.\",\"breadcrumb\":{\"@id\":\"https:\\\/\\\/insightevents.se\\\/upphandlingsforum\\\/information\\\/#breadcrumb\"},\"inLanguage\":\"sv-SE\",\"potentialAction\":[{\"@type\":\"ReadAction\",\"target\":[\"https:\\\/\\\/insightevents.se\\\/upphandlingsforum\\\/information\\\/\"]}]},{\"@type\":\"BreadcrumbList\",\"@id\":\"https:\\\/\\\/insightevents.se\\\/upphandlingsforum\\\/information\\\/#breadcrumb\",\"itemListElement\":[{\"@type\":\"ListItem\",\"position\":1,\"name\":\"Home\",\"item\":\"https:\\\/\\\/insightevents.se\\\/upphandlingsforum\\\/\"},{\"@type\":\"ListItem\",\"position\":2,\"name\":\"Praktisk Information\"}]},{\"@type\":\"WebSite\",\"@id\":\"https:\\\/\\\/insightevents.se\\\/upphandlingsforum\\\/#website\",\"url\":\"https:\\\/\\\/insightevents.se\\\/upphandlingsforum\\\/\",\"name\":\"Upphandlingsforum\",\"description\":\"M\u00f6tesplatsen f\u00f6r Sveriges upphandlare!\",\"potentialAction\":[{\"@type\":\"SearchAction\",\"target\":{\"@type\":\"EntryPoint\",\"urlTemplate\":\"https:\\\/\\\/insightevents.se\\\/upphandlingsforum\\\/?s={search_term_string}\"},\"query-input\":{\"@type\":\"PropertyValueSpecification\",\"valueRequired\":true,\"valueName\":\"search_term_string\"}}],\"inLanguage\":\"sv-SE\"}]}<\/script>\n<!-- \/ Yoast SEO plugin. -->","yoast_head_json":{"title":"Praktisk Information - Upphandlingsforum","description":"H\u00e4r finns all praktisk information f\u00f6r Upphandlingsforum du kan t\u00e4nkas beh\u00f6va.","robots":{"index":"index","follow":"follow","max-snippet":"max-snippet:-1","max-image-preview":"max-image-preview:large","max-video-preview":"max-video-preview:-1"},"canonical":"https:\/\/insightevents.se\/upphandlingsforum\/information\/","og_locale":"sv_SE","og_type":"article","og_title":"Praktisk Information - Upphandlingsforum","og_description":"H\u00e4r finns all praktisk information f\u00f6r Upphandlingsforum du kan t\u00e4nkas beh\u00f6va.","og_url":"https:\/\/insightevents.se\/upphandlingsforum\/information\/","og_site_name":"Upphandlingsforum","article_modified_time":"2026-02-12T14:20:08+00:00","twitter_card":"summary_large_image","twitter_misc":{"Ber\u00e4knad l\u00e4stid":"2 minuter"},"schema":{"@context":"https:\/\/schema.org","@graph":[{"@type":"WebPage","@id":"https:\/\/insightevents.se\/upphandlingsforum\/information\/","url":"https:\/\/insightevents.se\/upphandlingsforum\/information\/","name":"Praktisk Information - Upphandlingsforum","isPartOf":{"@id":"https:\/\/insightevents.se\/upphandlingsforum\/#website"},"datePublished":"2016-05-24T07:19:32+00:00","dateModified":"2026-02-12T14:20:08+00:00","description":"H\u00e4r finns all praktisk information f\u00f6r Upphandlingsforum du kan t\u00e4nkas beh\u00f6va.","breadcrumb":{"@id":"https:\/\/insightevents.se\/upphandlingsforum\/information\/#breadcrumb"},"inLanguage":"sv-SE","potentialAction":[{"@type":"ReadAction","target":["https:\/\/insightevents.se\/upphandlingsforum\/information\/"]}]},{"@type":"BreadcrumbList","@id":"https:\/\/insightevents.se\/upphandlingsforum\/information\/#breadcrumb","itemListElement":[{"@type":"ListItem","position":1,"name":"Home","item":"https:\/\/insightevents.se\/upphandlingsforum\/"},{"@type":"ListItem","position":2,"name":"Praktisk Information"}]},{"@type":"WebSite","@id":"https:\/\/insightevents.se\/upphandlingsforum\/#website","url":"https:\/\/insightevents.se\/upphandlingsforum\/","name":"Upphandlingsforum","description":"M\u00f6tesplatsen f\u00f6r Sveriges upphandlare!","potentialAction":[{"@type":"SearchAction","target":{"@type":"EntryPoint","urlTemplate":"https:\/\/insightevents.se\/upphandlingsforum\/?s={search_term_string}"},"query-input":{"@type":"PropertyValueSpecification","valueRequired":true,"valueName":"search_term_string"}}],"inLanguage":"sv-SE"}]}},"_links":{"self":[{"href":"https:\/\/insightevents.se\/upphandlingsforum\/wp-json\/wp\/v2\/pages\/12","targetHints":{"allow":["GET"]}}],"collection":[{"href":"https:\/\/insightevents.se\/upphandlingsforum\/wp-json\/wp\/v2\/pages"}],"about":[{"href":"https:\/\/insightevents.se\/upphandlingsforum\/wp-json\/wp\/v2\/types\/page"}],"author":[{"embeddable":true,"href":"https:\/\/insightevents.se\/upphandlingsforum\/wp-json\/wp\/v2\/users\/1"}],"replies":[{"embeddable":true,"href":"https:\/\/insightevents.se\/upphandlingsforum\/wp-json\/wp\/v2\/comments?post=12"}],"version-history":[{"count":47,"href":"https:\/\/insightevents.se\/upphandlingsforum\/wp-json\/wp\/v2\/pages\/12\/revisions"}],"predecessor-version":[{"id":8312,"href":"https:\/\/insightevents.se\/upphandlingsforum\/wp-json\/wp\/v2\/pages\/12\/revisions\/8312"}],"wp:attachment":[{"href":"https:\/\/insightevents.se\/upphandlingsforum\/wp-json\/wp\/v2\/media?parent=12"}],"curies":[{"name":"wp","href":"https:\/\/api.w.org\/{rel}","templated":true}]}}